Last updated on 2025-11-05 07:50:37 CET.
| Flavor | Version | Tinstall | Tcheck | Ttotal | Status | Flags |
|---|---|---|---|---|---|---|
| r-devel-linux-x86_64-debian-clang | 1.0 | 1.81 | 19.33 | 21.14 | NOTE | |
| r-devel-linux-x86_64-debian-gcc | 1.0 | 1.50 | 15.60 | 17.10 | NOTE | |
| r-devel-linux-x86_64-fedora-clang | 1.0 | 31.44 | NOTE | |||
| r-devel-linux-x86_64-fedora-gcc | 1.0 | 30.86 | NOTE | |||
| r-devel-windows-x86_64 | 1.0 | 3.00 | 35.00 | 38.00 | NOTE | |
| r-patched-linux-x86_64 | 1.0 | 1.76 | 18.27 | 20.03 | NOTE | |
| r-release-linux-x86_64 | 1.0 | 1.75 | 18.22 | 19.97 | NOTE | |
| r-release-macos-arm64 | 1.0 | 1.00 | 13.00 | 14.00 | NOTE | |
| r-release-macos-x86_64 | 1.0 | 1.00 | 22.00 | 23.00 | NOTE | |
| r-release-windows-x86_64 | 1.0 | 2.00 | 33.00 | 35.00 | NOTE | |
| r-oldrel-macos-arm64 | 1.0 | 1.00 | 19.00 | 20.00 | NOTE | |
| r-oldrel-macos-x86_64 | 1.0 | 2.00 | 17.00 | 19.00 | NOTE | |
| r-oldrel-windows-x86_64 | 1.0 | 3.00 | 37.00 | 40.00 | NOTE |
Version: 1.0
Check: CRAN incoming feasibility
Result: NOTE
Maintainer: ‘Dariush Najarzadeh <[email protected]>’
No Authors@R field in DESCRIPTION.
Please add one, modifying
Authors@R: person(given = "Dariush",
family = "Najarzadeh",
role = c("aut", "cre"),
email = "[email protected]")
as necessary.
Flavors: r-devel-linux-x86_64-debian-clang, r-devel-linux-x86_64-debian-gcc
Version: 1.0
Check: DESCRIPTION meta-information
Result: NOTE
Malformed Title field: should not end in a period.
Flavors: r-devel-linux-x86_64-debian-clang, r-devel-linux-x86_64-debian-gcc, r-devel-linux-x86_64-fedora-clang, r-devel-linux-x86_64-fedora-gcc, r-devel-windows-x86_64, r-patched-linux-x86_64, r-release-linux-x86_64, r-release-macos-arm64, r-release-macos-x86_64, r-release-windows-x86_64, r-oldrel-macos-arm64, r-oldrel-macos-x86_64, r-oldrel-windows-x86_64