CRAN Package Check Results for Package APCanalysis

Last updated on 2025-11-05 07:50:37 CET.

Flavor Version Tinstall Tcheck Ttotal Status Flags
r-devel-linux-x86_64-debian-clang 1.0 1.80 72.11 73.91 NOTE
r-devel-linux-x86_64-debian-gcc 1.0 1.49 44.36 45.85 NOTE
r-devel-linux-x86_64-fedora-clang 1.0 132.45 OK
r-devel-linux-x86_64-fedora-gcc 1.0 115.27 OK
r-devel-windows-x86_64 1.0 5.00 74.00 79.00 OK
r-patched-linux-x86_64 1.0 1.88 69.28 71.16 OK
r-release-linux-x86_64 1.0 1.63 69.17 70.80 OK
r-release-macos-arm64 1.0 1.00 32.00 33.00 OK
r-release-macos-x86_64 1.0 2.00 71.00 73.00 OK
r-release-windows-x86_64 1.0 5.00 70.00 75.00 OK
r-oldrel-macos-arm64 1.0 1.00 35.00 36.00 OK
r-oldrel-macos-x86_64 1.0 2.00 46.00 48.00 OK
r-oldrel-windows-x86_64 1.0 4.00 73.00 77.00 OK

Check Details

Version: 1.0
Check: CRAN incoming feasibility
Result: NOTE Maintainer: ‘Arden Miller <[email protected]>’ No Authors@R field in DESCRIPTION. Please add one, modifying Authors@R: c(person(given = "Arden", family = "Miller", role = c("aut", "cre"), email = "[email protected]"), person(given = c("Abu", "Zar", "Md."), family = "Shafiullah.", role = "aut")) as necessary. Flavors: r-devel-linux-x86_64-debian-clang, r-devel-linux-x86_64-debian-gcc