Last updated on 2025-11-05 07:50:37 CET.
| Flavor | Version | Tinstall | Tcheck | Ttotal | Status | Flags |
|---|---|---|---|---|---|---|
| r-devel-linux-x86_64-debian-clang | 0.1 | 1.59 | 17.67 | 19.26 | NOTE | |
| r-devel-linux-x86_64-debian-gcc | 0.1 | 1.38 | 15.10 | 16.48 | NOTE | |
| r-devel-linux-x86_64-fedora-clang | 0.1 | 28.46 | OK | |||
| r-devel-linux-x86_64-fedora-gcc | 0.1 | 27.11 | OK | |||
| r-devel-windows-x86_64 | 0.1 | 3.00 | 37.00 | 40.00 | OK | |
| r-patched-linux-x86_64 | 0.1 | 1.38 | 16.59 | 17.97 | OK | |
| r-release-linux-x86_64 | 0.1 | 1.29 | 16.55 | 17.84 | OK | |
| r-release-macos-arm64 | 0.1 | 1.00 | 13.00 | 14.00 | OK | |
| r-release-macos-x86_64 | 0.1 | 2.00 | 20.00 | 22.00 | OK | |
| r-release-windows-x86_64 | 0.1 | 4.00 | 31.00 | 35.00 | OK | |
| r-oldrel-macos-arm64 | 0.1 | 1.00 | 18.00 | 19.00 | OK | |
| r-oldrel-macos-x86_64 | 0.1 | 1.00 | 17.00 | 18.00 | OK | |
| r-oldrel-windows-x86_64 | 0.1 | 2.00 | 34.00 | 36.00 | OK |
Version: 0.1
Check: CRAN incoming feasibility
Result: NOTE
Maintainer: ‘Felipe Tumenas Marques <[email protected]>’
No Authors@R field in DESCRIPTION.
Please add one, modifying
Authors@R: c(person(given = "Monica",
family = "Serra",
role = "aut",
email = "[email protected]"),
person(given = c("Felipe", "Tumenas"),
family = "Marques",
role = c("aut", "cre"),
email = "[email protected]"))
as necessary.
Flavors: r-devel-linux-x86_64-debian-clang, r-devel-linux-x86_64-debian-gcc