CRAN Package Check Results for Package BCRA

Last updated on 2025-11-05 07:50:38 CET.

Flavor Version Tinstall Tcheck Ttotal Status Flags
r-devel-linux-x86_64-debian-clang 2.1.2 2.46 24.45 26.91 NOTE
r-devel-linux-x86_64-debian-gcc 2.1.2 1.75 19.52 21.27 NOTE
r-devel-linux-x86_64-fedora-clang 2.1.2 40.32 OK
r-devel-linux-x86_64-fedora-gcc 2.1.2 38.18 OK
r-devel-windows-x86_64 2.1.2 5.00 44.00 49.00 OK
r-patched-linux-x86_64 2.1.2 2.47 23.28 25.75 OK
r-release-linux-x86_64 2.1.2 2.32 23.31 25.63 OK
r-release-macos-arm64 2.1.2 1.00 15.00 16.00 OK
r-release-macos-x86_64 2.1.2 2.00 24.00 26.00 OK
r-release-windows-x86_64 2.1.2 4.00 40.00 44.00 OK
r-oldrel-macos-arm64 2.1.2 1.00 20.00 21.00 OK
r-oldrel-macos-x86_64 2.1.2 3.00 33.00 36.00 OK
r-oldrel-windows-x86_64 2.1.2 4.00 41.00 45.00 OK

Check Details

Version: 2.1.2
Check: CRAN incoming feasibility
Result: NOTE Maintainer: ‘Fanni Zhang <[email protected]>’ No Authors@R field in DESCRIPTION. Please add one, modifying Authors@R: person(given = "Fanni", family = "Zhang", role = c("aut", "cre"), email = "[email protected]") as necessary. Flavors: r-devel-linux-x86_64-debian-clang, r-devel-linux-x86_64-debian-gcc