Last updated on 2025-11-05 07:50:39 CET.
| Flavor | Version | Tinstall | Tcheck | Ttotal | Status | Flags |
|---|---|---|---|---|---|---|
| r-devel-linux-x86_64-debian-clang | 1.2.1 | 2.93 | 31.01 | 33.94 | NOTE | |
| r-devel-linux-x86_64-debian-gcc | 1.2.1 | 2.25 | 23.79 | 26.04 | NOTE | |
| r-devel-linux-x86_64-fedora-clang | 1.2.1 | 50.79 | OK | |||
| r-devel-linux-x86_64-fedora-gcc | 1.2.1 | 48.77 | OK | |||
| r-devel-windows-x86_64 | 1.2.1 | 4.00 | 52.00 | 56.00 | OK | |
| r-patched-linux-x86_64 | 1.2.1 | 3.05 | 28.44 | 31.49 | OK | |
| r-release-linux-x86_64 | 1.2.1 | 3.11 | 28.33 | 31.44 | OK | |
| r-release-macos-arm64 | 1.2.1 | 2.00 | 18.00 | 20.00 | OK | |
| r-release-macos-x86_64 | 1.2.1 | 3.00 | 30.00 | 33.00 | OK | |
| r-release-windows-x86_64 | 1.2.1 | 4.00 | 49.00 | 53.00 | OK | |
| r-oldrel-macos-arm64 | 1.2.1 | 1.00 | 22.00 | 23.00 | NOTE | |
| r-oldrel-macos-x86_64 | 1.2.1 | 2.00 | 25.00 | 27.00 | NOTE | |
| r-oldrel-windows-x86_64 | 1.2.1 | 4.00 | 51.00 | 55.00 | NOTE |
Version: 1.2.1
Check: CRAN incoming feasibility
Result: NOTE
Maintainer: ‘Ken Kelley <[email protected]>’
No Authors@R field in DESCRIPTION.
Please add one, modifying
Authors@R: c(person(given = c("Samantha", "F."),
family = "Anderson",
role = "aut",
email = "[email protected]"),
person(given = "Ken",
family = "Kelley",
role = c("aut", "cre"),
email = "[email protected]"))
as necessary.
Flavors: r-devel-linux-x86_64-debian-clang, r-devel-linux-x86_64-debian-gcc
Version: 1.2.1
Check: LazyData
Result: NOTE
'LazyData' is specified without a 'data' directory
Flavors: r-oldrel-macos-arm64, r-oldrel-macos-x86_64, r-oldrel-windows-x86_64