CRAN Package Check Results for Package BioProbability

Last updated on 2025-11-05 07:50:38 CET.

Flavor Version Tinstall Tcheck Ttotal Status Flags
r-devel-linux-x86_64-debian-clang 1.0 1.76 18.82 20.58 NOTE
r-devel-linux-x86_64-debian-gcc 1.0 1.53 15.40 16.93 NOTE
r-devel-linux-x86_64-fedora-clang 1.0 31.31 OK
r-devel-linux-x86_64-fedora-gcc 1.0 28.84 OK
r-devel-windows-x86_64 1.0 5.00 34.00 39.00 OK
r-patched-linux-x86_64 1.0 1.86 17.46 19.32 OK
r-release-linux-x86_64 1.0 1.74 18.17 19.91 OK
r-release-macos-arm64 1.0 1.00 13.00 14.00 OK
r-release-macos-x86_64 1.0 3.00 30.00 33.00 OK
r-release-windows-x86_64 1.0 3.00 32.00 35.00 OK
r-oldrel-macos-arm64 1.0 1.00 17.00 18.00 OK
r-oldrel-macos-x86_64 1.0 2.00 24.00 26.00 OK
r-oldrel-windows-x86_64 1.0 3.00 35.00 38.00 OK

Check Details

Version: 1.0
Check: CRAN incoming feasibility
Result: NOTE Maintainer: ‘Paula Saavedra-Nieves <[email protected]>’ No Authors@R field in DESCRIPTION. Please add one, modifying Authors@R: c(person(given = "Alejandro", family = "Saavedra-Nieves", role = "aut"), person(given = "Paula", family = "Saavedra-Nieves", role = c("aut", "cre"), email = "[email protected]")) as necessary. Flavors: r-devel-linux-x86_64-debian-clang, r-devel-linux-x86_64-debian-gcc