Last updated on 2025-11-05 07:50:38 CET.
| Flavor | Version | Tinstall | Tcheck | Ttotal | Status | Flags |
|---|---|---|---|---|---|---|
| r-devel-linux-x86_64-debian-clang | 0.5 | 2.07 | 26.28 | 28.35 | NOTE | |
| r-devel-linux-x86_64-debian-gcc | 0.5 | 1.57 | 21.57 | 23.14 | NOTE | |
| r-devel-linux-x86_64-fedora-clang | 0.5 | 42.27 | OK | |||
| r-devel-linux-x86_64-fedora-gcc | 0.5 | 39.78 | OK | |||
| r-devel-windows-x86_64 | 0.5 | 6.00 | 47.00 | 53.00 | OK | |
| r-patched-linux-x86_64 | 0.5 | 2.43 | 24.36 | 26.79 | OK | |
| r-release-linux-x86_64 | 0.5 | 1.81 | 24.76 | 26.57 | OK | |
| r-release-macos-arm64 | 0.5 | 1.00 | 16.00 | 17.00 | OK | |
| r-release-macos-x86_64 | 0.5 | 3.00 | 43.00 | 46.00 | OK | |
| r-release-windows-x86_64 | 0.5 | 3.00 | 45.00 | 48.00 | OK | |
| r-oldrel-macos-arm64 | 0.5 | 1.00 | 19.00 | 20.00 | OK | |
| r-oldrel-macos-x86_64 | 0.5 | 2.00 | 23.00 | 25.00 | OK | |
| r-oldrel-windows-x86_64 | 0.5 | 3.00 | 47.00 | 50.00 | OK |
Version: 0.5
Check: CRAN incoming feasibility
Result: NOTE
Maintainer: ‘Federico Calboli <[email protected]>’
No Authors@R field in DESCRIPTION.
Please add one, modifying
Authors@R: c(person(given = "Alessio",
family = "Boattini",
role = "aut"),
person(given = c("Federico", "C.", "F.", "Calboli;", "Vincente", "Canto", "Cassola", "together", "with", "Martin", "Maechler", "authored", "the", "function"),
family = "mtx.exp.",
role = "aut"),
person(given = "Federico",
family = "Calboli",
role = "cre",
email = "[email protected]"))
as necessary.
Flavors: r-devel-linux-x86_64-debian-clang, r-devel-linux-x86_64-debian-gcc