CRAN Package Check Results for Package Bvalue

Last updated on 2025-11-05 07:50:39 CET.

Flavor Version Tinstall Tcheck Ttotal Status Flags
r-devel-linux-x86_64-debian-clang 1.0 1.62 19.43 21.05 NOTE
r-devel-linux-x86_64-debian-gcc 1.0 1.43 16.60 18.03 NOTE
r-devel-linux-x86_64-fedora-clang 1.0 31.40 OK
r-devel-linux-x86_64-fedora-gcc 1.0 30.18 OK
r-devel-windows-x86_64 1.0 2.00 37.00 39.00 OK
r-patched-linux-x86_64 1.0 1.89 18.37 20.26 OK
r-release-linux-x86_64 1.0 1.64 18.54 20.18 OK
r-release-macos-arm64 1.0 1.00 14.00 15.00 OK
r-release-macos-x86_64 1.0 2.00 23.00 25.00 OK
r-release-windows-x86_64 1.0 3.00 35.00 38.00 OK
r-oldrel-macos-arm64 1.0 1.00 18.00 19.00 OK
r-oldrel-macos-x86_64 1.0 1.00 21.00 22.00 OK
r-oldrel-windows-x86_64 1.0 3.00 39.00 42.00 OK

Check Details

Version: 1.0
Check: CRAN incoming feasibility
Result: NOTE Maintainer: ‘Yi Zhao <[email protected]>’ No Authors@R field in DESCRIPTION. Please add one, modifying Authors@R: c(person(given = c("Yi", "Zhao", "Brian", "Caffo", "<[email protected]>", "Joshua", "Ewen"), family = "<[email protected]>", role = "aut", email = "[email protected]"), person(given = "Yi", family = "Zhao", role = "cre", email = "[email protected]")) as necessary. The Description field contains <arXiv:1912.13084> for details. Please refer to arXiv e-prints via their arXiv DOI <doi:10.48550/arXiv.YYMM.NNNNN>. Flavors: r-devel-linux-x86_64-debian-clang, r-devel-linux-x86_64-debian-gcc