Last updated on 2025-11-05 07:50:39 CET.
| Flavor | Version | Tinstall | Tcheck | Ttotal | Status | Flags |
|---|---|---|---|---|---|---|
| r-devel-linux-x86_64-debian-clang | 1.0 | 1.75 | 20.85 | 22.60 | NOTE | |
| r-devel-linux-x86_64-debian-gcc | 1.0 | 1.48 | 17.02 | 18.50 | NOTE | |
| r-devel-linux-x86_64-fedora-clang | 1.0 | 33.24 | OK | |||
| r-devel-linux-x86_64-fedora-gcc | 1.0 | 31.78 | OK | |||
| r-devel-windows-x86_64 | 1.0 | 3.00 | 37.00 | 40.00 | OK | |
| r-patched-linux-x86_64 | 1.0 | 2.21 | 19.49 | 21.70 | OK | |
| r-release-linux-x86_64 | 1.0 | 1.96 | 19.86 | 21.82 | OK | |
| r-release-macos-arm64 | 1.0 | 1.00 | 14.00 | 15.00 | OK | |
| r-release-macos-x86_64 | 1.0 | 2.00 | 24.00 | 26.00 | OK | |
| r-release-windows-x86_64 | 1.0 | 3.00 | 36.00 | 39.00 | OK | |
| r-oldrel-macos-arm64 | 1.0 | 1.00 | 20.00 | 21.00 | OK | |
| r-oldrel-macos-x86_64 | 1.0 | 2.00 | 27.00 | 29.00 | OK | |
| r-oldrel-windows-x86_64 | 1.0 | 3.00 | 38.00 | 41.00 | OK |
Version: 1.0
Check: CRAN incoming feasibility
Result: NOTE
Maintainer: ‘W.John Braun <[email protected]>’
No Authors@R field in DESCRIPTION.
Please add one, modifying
Authors@R: c(person(given = "W.J.",
family = "Braun",
role = "aut"),
person(given = "W.John",
family = "Braun",
role = "cre",
email = "[email protected]"))
as necessary.
Flavors: r-devel-linux-x86_64-debian-clang, r-devel-linux-x86_64-debian-gcc