CRAN Package Check Results for Package CGP

Last updated on 2025-11-05 07:50:39 CET.

Flavor Version Tinstall Tcheck Ttotal Status Flags
r-devel-linux-x86_64-debian-clang 2.1-1 2.03 20.68 22.71 NOTE
r-devel-linux-x86_64-debian-gcc 2.1-1 1.76 16.92 18.68 NOTE
r-devel-linux-x86_64-fedora-clang 2.1-1 33.98 OK
r-devel-linux-x86_64-fedora-gcc 2.1-1 31.98 OK
r-devel-windows-x86_64 2.1-1 3.00 35.00 38.00 OK
r-patched-linux-x86_64 2.1-1 1.77 19.61 21.38 OK
r-release-linux-x86_64 2.1-1 1.95 19.76 21.71 OK
r-release-macos-arm64 2.1-1 1.00 16.00 17.00 OK
r-release-macos-x86_64 2.1-1 2.00 22.00 24.00 OK
r-release-windows-x86_64 2.1-1 3.00 35.00 38.00 OK
r-oldrel-macos-arm64 2.1-1 1.00 20.00 21.00 OK
r-oldrel-macos-x86_64 2.1-1 2.00 21.00 23.00 OK
r-oldrel-windows-x86_64 2.1-1 3.00 38.00 41.00 OK

Check Details

Version: 2.1-1
Check: CRAN incoming feasibility
Result: NOTE Maintainer: ‘Shan Ba <[email protected]>’ No Authors@R field in DESCRIPTION. Please add one, modifying Authors@R: c(person(given = "Shan", family = "Ba", role = c("aut", "cre"), email = "[email protected]"), person(given = c("V.", "Roshan"), family = "Joseph", role = "aut")) as necessary. Flavors: r-devel-linux-x86_64-debian-clang, r-devel-linux-x86_64-debian-gcc