Last updated on 2025-11-05 07:50:40 CET.
| Flavor | Version | Tinstall | Tcheck | Ttotal | Status | Flags |
|---|---|---|---|---|---|---|
| r-devel-linux-x86_64-debian-clang | 1.0.1 | 2.62 | 24.62 | 27.24 | NOTE | |
| r-devel-linux-x86_64-debian-gcc | 1.0.1 | 1.98 | 18.97 | 20.95 | NOTE | |
| r-devel-linux-x86_64-fedora-clang | 1.0.1 | 40.32 | OK | |||
| r-devel-linux-x86_64-fedora-gcc | 1.0.1 | 38.08 | OK | |||
| r-devel-windows-x86_64 | 1.0.1 | 3.00 | 47.00 | 50.00 | OK | |
| r-patched-linux-x86_64 | 1.0.1 | 2.81 | 23.03 | 25.84 | OK | |
| r-release-linux-x86_64 | 1.0.1 | 2.46 | 23.61 | 26.07 | OK | |
| r-release-macos-arm64 | 1.0.1 | 2.00 | 16.00 | 18.00 | OK | |
| r-release-macos-x86_64 | 1.0.1 | 2.00 | 24.00 | 26.00 | OK | |
| r-release-windows-x86_64 | 1.0.1 | 4.00 | 44.00 | 48.00 | OK | |
| r-oldrel-macos-arm64 | 1.0.1 | 1.00 | 19.00 | 20.00 | OK | |
| r-oldrel-macos-x86_64 | 1.0.1 | 2.00 | 34.00 | 36.00 | OK | |
| r-oldrel-windows-x86_64 | 1.0.1 | 3.00 | 44.00 | 47.00 | OK |
Version: 1.0.1
Check: CRAN incoming feasibility
Result: NOTE
Maintainer: ‘Chris J. Lloyd <[email protected]>’
No Authors@R field in DESCRIPTION.
Please add one, modifying
Authors@R: person(given = c("Chris", "J."),
family = "Lloyd",
role = c("aut", "cre"),
email = "[email protected]")
as necessary.
Flavors: r-devel-linux-x86_64-debian-clang, r-devel-linux-x86_64-debian-gcc