CRAN Package Check Results for Package CORE

Last updated on 2025-11-05 07:50:40 CET.

Flavor Version Tinstall Tcheck Ttotal Status Flags
r-devel-linux-x86_64-debian-clang 3.2 3.36 27.98 31.34 NOTE
r-devel-linux-x86_64-debian-gcc 3.2 2.81 21.10 23.91 NOTE
r-devel-linux-x86_64-fedora-clang 3.2 47.68 OK
r-devel-linux-x86_64-fedora-gcc 3.2 44.59 OK
r-devel-windows-x86_64 3.2 4.00 45.00 49.00 OK
r-patched-linux-x86_64 3.2 3.10 26.18 29.28 OK
r-release-linux-x86_64 3.2 3.30 26.00 29.30 OK
r-release-macos-arm64 3.2 2.00 15.00 17.00 OK
r-release-macos-x86_64 3.2 4.00 29.00 33.00 OK
r-release-windows-x86_64 3.2 5.00 43.00 48.00 OK
r-oldrel-macos-arm64 3.2 1.00 21.00 22.00 OK
r-oldrel-macos-x86_64 3.2 2.00 30.00 32.00 OK
r-oldrel-windows-x86_64 3.2 3.00 45.00 48.00 OK

Check Details

Version: 3.2
Check: CRAN incoming feasibility
Result: NOTE Maintainer: ‘Guoli Sun <[email protected]>’ No Authors@R field in DESCRIPTION. Please add one, modifying Authors@R: c(person(given = "Alex", family = "Krasnitz", role = "aut"), person(given = "Guoli", family = "Sun", role = c("aut", "cre"), email = "[email protected]")) as necessary. Flavors: r-devel-linux-x86_64-debian-clang, r-devel-linux-x86_64-debian-gcc