Last updated on 2025-11-05 07:50:41 CET.
| Flavor | Version | Tinstall | Tcheck | Ttotal | Status | Flags |
|---|---|---|---|---|---|---|
| r-devel-linux-x86_64-debian-clang | 2.0 | 2.03 | 20.95 | 22.98 | NOTE | |
| r-devel-linux-x86_64-debian-gcc | 2.0 | 1.78 | 16.97 | 18.75 | NOTE | |
| r-devel-linux-x86_64-fedora-clang | 2.0 | 35.27 | OK | |||
| r-devel-linux-x86_64-fedora-gcc | 2.0 | 33.10 | OK | |||
| r-devel-windows-x86_64 | 2.0 | 4.00 | 36.00 | 40.00 | OK | |
| r-patched-linux-x86_64 | 2.0 | 1.78 | 20.12 | 21.90 | OK | |
| r-release-linux-x86_64 | 2.0 | 2.24 | 20.06 | 22.30 | OK | |
| r-release-macos-arm64 | 2.0 | 1.00 | 13.00 | 14.00 | OK | |
| r-release-macos-x86_64 | 2.0 | 2.00 | 22.00 | 24.00 | OK | |
| r-release-windows-x86_64 | 2.0 | 3.00 | 35.00 | 38.00 | OK | |
| r-oldrel-macos-arm64 | 2.0 | 1.00 | 13.00 | 14.00 | OK | |
| r-oldrel-macos-x86_64 | 2.0 | 2.00 | 19.00 | 21.00 | OK | |
| r-oldrel-windows-x86_64 | 2.0 | 3.00 | 36.00 | 39.00 | OK |
Version: 2.0
Check: CRAN incoming feasibility
Result: NOTE
Maintainer: ‘Shuo Li <[email protected]>’
No Authors@R field in DESCRIPTION.
Please add one, modifying
Authors@R: c(person(given = "Shuo",
family = "Li",
role = c("aut", "cre"),
email = "[email protected]"),
person(given = "Xuan",
family = "Liu",
role = "aut",
email = "[email protected]"),
person(given = "Qiong",
family = "Yang",
role = "aut",
email = "[email protected]"))
as necessary.
Flavors: r-devel-linux-x86_64-debian-clang, r-devel-linux-x86_64-debian-gcc