CRAN Package Check Results for Package CUSUMdesign

Last updated on 2025-11-05 07:50:41 CET.

Flavor Version Tinstall Tcheck Ttotal Status Flags
r-devel-linux-x86_64-debian-clang 1.1.5 3.61 20.58 24.19 NOTE
r-devel-linux-x86_64-debian-gcc 1.1.5 2.32 16.58 18.90 NOTE
r-devel-linux-x86_64-fedora-clang 1.1.5 36.46 OK
r-devel-linux-x86_64-fedora-gcc 1.1.5 33.84 OK
r-devel-windows-x86_64 1.1.5 7.00 36.00 43.00 OK
r-patched-linux-x86_64 1.1.5 3.25 19.53 22.78 OK
r-release-linux-x86_64 1.1.5 2.80 19.83 22.63 OK
r-release-macos-arm64 1.1.5 3.00 14.00 17.00 OK
r-release-macos-x86_64 1.1.5 4.00 21.00 25.00 OK
r-release-windows-x86_64 1.1.5 6.00 36.00 42.00 OK
r-oldrel-macos-arm64 1.1.5 3.00 13.00 16.00 OK
r-oldrel-macos-x86_64 1.1.5 3.00 20.00 23.00 OK
r-oldrel-windows-x86_64 1.1.5 6.00 37.00 43.00 OK

Check Details

Version: 1.1.5
Check: CRAN incoming feasibility
Result: NOTE Maintainer: ‘Boxiang Wang <[email protected]>’ No Authors@R field in DESCRIPTION. Please add one, modifying Authors@R: c(person(given = c("Douglas", "M."), family = "Hawkins", role = "aut"), person(given = c("David", "H."), family = "Olwell", role = "aut"), person(given = "Boxiang", family = "Wang", role = c("aut", "cre"), email = "[email protected]")) as necessary. Flavors: r-devel-linux-x86_64-debian-clang, r-devel-linux-x86_64-debian-gcc