CRAN Package Check Results for Package Calculator.LR.FNs

Last updated on 2025-11-05 07:50:39 CET.

Flavor Version Tinstall Tcheck Ttotal Status Flags
r-devel-linux-x86_64-debian-clang 1.3 2.12 24.24 26.36 NOTE
r-devel-linux-x86_64-debian-gcc 1.3 1.73 18.55 20.28 NOTE
r-devel-linux-x86_64-fedora-clang 1.3 41.07 OK
r-devel-linux-x86_64-fedora-gcc 1.3 36.38 OK
r-devel-windows-x86_64 1.3 3.00 43.00 46.00 OK
r-patched-linux-x86_64 1.3 2.46 22.46 24.92 OK
r-release-linux-x86_64 1.3 1.87 22.26 24.13 OK
r-release-macos-arm64 1.3 2.00 14.00 16.00 OK
r-release-macos-x86_64 1.3 2.00 30.00 32.00 OK
r-release-windows-x86_64 1.3 3.00 44.00 47.00 OK
r-oldrel-macos-arm64 1.3 1.00 20.00 21.00 OK
r-oldrel-macos-x86_64 1.3 2.00 21.00 23.00 OK
r-oldrel-windows-x86_64 1.3 3.00 44.00 47.00 OK

Check Details

Version: 1.3
Check: CRAN incoming feasibility
Result: NOTE Maintainer: ‘Abbas Parchami <[email protected]>’ No Authors@R field in DESCRIPTION. Please add one, modifying Authors@R: person(given = "Abbas", family = "Parchami", role = c("aut", "cre"), email = "[email protected]", comment = "Department of Statistics, Faculty of Mathematics and Computer, Shahid Bahonar University of Kerman, Kerman, Iran") as necessary. Flavors: r-devel-linux-x86_64-debian-clang, r-devel-linux-x86_64-debian-gcc