Last updated on 2025-11-05 07:50:40 CET.
| Flavor | Version | Tinstall | Tcheck | Ttotal | Status | Flags |
|---|---|---|---|---|---|---|
| r-devel-linux-x86_64-debian-clang | 2.1-3 | 2.54 | 25.65 | 28.19 | NOTE | |
| r-devel-linux-x86_64-debian-gcc | 2.1-3 | 1.76 | 20.61 | 22.37 | NOTE | |
| r-devel-linux-x86_64-fedora-clang | 2.1-3 | 21.00 | 23.56 | 44.56 | OK | |
| r-devel-linux-x86_64-fedora-gcc | 2.1-3 | 38.79 | OK | |||
| r-devel-windows-x86_64 | 2.1-3 | 5.00 | 48.00 | 53.00 | OK | |
| r-patched-linux-x86_64 | 2.1-3 | 2.59 | 24.04 | 26.63 | OK | |
| r-release-linux-x86_64 | 2.1-3 | 2.33 | 24.08 | 26.41 | OK | |
| r-release-macos-arm64 | 2.1-3 | 1.00 | 19.00 | 20.00 | OK | |
| r-release-macos-x86_64 | 2.1-3 | 2.00 | 28.00 | 30.00 | OK | |
| r-release-windows-x86_64 | 2.1-3 | 4.00 | 44.00 | 48.00 | OK | |
| r-oldrel-macos-arm64 | 2.1-3 | 1.00 | 22.00 | 23.00 | OK | |
| r-oldrel-macos-x86_64 | 2.1-3 | 2.00 | 27.00 | 29.00 | OK | |
| r-oldrel-windows-x86_64 | 2.1-3 | 3.00 | 46.00 | 49.00 | OK |
Version: 2.1-3
Check: CRAN incoming feasibility
Result: NOTE
Maintainer: ‘Jonathan M. Lees<[email protected]>’
No Authors@R field in DESCRIPTION.
Please add one, modifying
Authors@R: person(given = c("Jonathan", "M."),
family = "Lees",
role = c("aut", "cre"),
email = "[email protected]")
as necessary.
Flavors: r-devel-linux-x86_64-debian-clang, r-devel-linux-x86_64-debian-gcc