CRAN Package Check Results for Package ClinSigMeasures

Last updated on 2025-11-05 07:50:40 CET.

Flavor Version Tinstall Tcheck Ttotal Status Flags
r-devel-linux-x86_64-debian-clang 1.2 1.69 19.82 21.51 NOTE
r-devel-linux-x86_64-debian-gcc 1.2 1.42 16.42 17.84 NOTE
r-devel-linux-x86_64-fedora-clang 1.2 21.00 14.17 35.17 OK
r-devel-linux-x86_64-fedora-gcc 1.2 29.80 OK
r-devel-windows-x86_64 1.2 4.00 37.00 41.00 OK
r-patched-linux-x86_64 1.2 2.16 18.73 20.89 OK
r-release-linux-x86_64 1.2 1.62 18.81 20.43 OK
r-release-macos-arm64 1.2 1.00 14.00 15.00 OK
r-release-macos-x86_64 1.2 2.00 20.00 22.00 OK
r-release-windows-x86_64 1.2 3.00 36.00 39.00 OK
r-oldrel-macos-arm64 1.2 1.00 18.00 19.00 OK
r-oldrel-macos-x86_64 1.2 3.00 29.00 32.00 OK
r-oldrel-windows-x86_64 1.2 5.00 41.00 46.00 OK

Check Details

Version: 1.2
Check: CRAN incoming feasibility
Result: NOTE Maintainer: ‘Mike Malek-Ahmadi <[email protected]>’ No Authors@R field in DESCRIPTION. Please add one, modifying Authors@R: c(person(given = "Mike", family = "Malek-Ahmadi", role = c("aut", "cre"), email = "[email protected]"), person(given = "Kjera", family = "Schack", role = "aut", email = "[email protected]")) as necessary. Flavors: r-devel-linux-x86_64-debian-clang, r-devel-linux-x86_64-debian-gcc