Last updated on 2025-11-05 07:50:40 CET.
| Flavor | Version | Tinstall | Tcheck | Ttotal | Status | Flags |
|---|---|---|---|---|---|---|
| r-devel-linux-x86_64-debian-clang | 0.3.0 | 1.57 | 20.19 | 21.76 | NOTE | |
| r-devel-linux-x86_64-debian-gcc | 0.3.0 | 1.66 | 16.25 | 17.91 | NOTE | |
| r-devel-linux-x86_64-fedora-clang | 0.3.0 | 17.00 | 17.72 | 34.72 | OK | |
| r-devel-linux-x86_64-fedora-gcc | 0.3.0 | 30.48 | OK | |||
| r-devel-windows-x86_64 | 0.3.0 | 3.00 | 36.00 | 39.00 | OK | |
| r-patched-linux-x86_64 | 0.3.0 | 1.78 | 19.44 | 21.22 | OK | |
| r-release-linux-x86_64 | 0.3.0 | 1.59 | 19.12 | 20.71 | OK | |
| r-release-macos-arm64 | 0.3.0 | 1.00 | 14.00 | 15.00 | OK | |
| r-release-macos-x86_64 | 0.3.0 | 2.00 | 21.00 | 23.00 | OK | |
| r-release-windows-x86_64 | 0.3.0 | 3.00 | 36.00 | 39.00 | OK | |
| r-oldrel-macos-arm64 | 0.3.0 | 1.00 | 19.00 | 20.00 | OK | |
| r-oldrel-macos-x86_64 | 0.3.0 | 2.00 | 20.00 | 22.00 | OK | |
| r-oldrel-windows-x86_64 | 0.3.0 | 3.00 | 39.00 | 42.00 | OK |
Version: 0.3.0
Check: CRAN incoming feasibility
Result: NOTE
Maintainer: ‘Zengchao Hao <[email protected]>’
No Authors@R field in DESCRIPTION.
Please add one, modifying
Authors@R: person(given = "Zengchao",
family = "Hao",
role = c("aut", "cre"),
email = "[email protected]")
as necessary.
Flavors: r-devel-linux-x86_64-debian-clang, r-devel-linux-x86_64-debian-gcc