Last updated on 2025-11-05 07:50:40 CET.
| Flavor | Version | Tinstall | Tcheck | Ttotal | Status | Flags |
|---|---|---|---|---|---|---|
| r-devel-linux-x86_64-debian-clang | 2.9 | 10.96 | 54.36 | 65.32 | NOTE | |
| r-devel-linux-x86_64-debian-gcc | 2.9 | 8.15 | 36.07 | 44.22 | NOTE | |
| r-devel-linux-x86_64-fedora-clang | 2.9 | 89.00 | 24.51 | 113.51 | NOTE | |
| r-devel-linux-x86_64-fedora-gcc | 2.9 | 25.00 | 69.67 | 94.67 | NOTE | |
| r-devel-windows-x86_64 | 2.9 | 12.00 | 65.00 | 77.00 | NOTE | |
| r-patched-linux-x86_64 | 2.9 | 10.32 | 53.18 | 63.50 | OK | |
| r-release-linux-x86_64 | 2.9 | 11.01 | 51.52 | 62.53 | OK | |
| r-release-macos-arm64 | 2.9 | 5.00 | 22.00 | 27.00 | OK | |
| r-release-macos-x86_64 | 2.9 | 10.00 | 44.00 | 54.00 | OK | |
| r-release-windows-x86_64 | 2.9 | 11.00 | 63.00 | 74.00 | OK | |
| r-oldrel-macos-arm64 | 2.9 | 4.00 | 26.00 | 30.00 | OK | |
| r-oldrel-macos-x86_64 | 2.9 | 8.00 | 33.00 | 41.00 | OK | |
| r-oldrel-windows-x86_64 | 2.9 | 11.00 | 65.00 | 76.00 | OK |
Version: 2.9
Check: CRAN incoming feasibility
Result: NOTE
Maintainer: ‘Takeshi Emura <[email protected]>’
No Authors@R field in DESCRIPTION.
Please add one, modifying
Authors@R: c(person(given = "Takeshi",
family = "Emura",
role = c("aut", "cre"),
email = "[email protected]"),
person(given = "Xinwei",
family = "Huang",
role = "aut"),
person(given = "Ting-Hsuan",
family = "Long",
role = "aut"),
person(given = "Li-Hsien",
family = "Sun",
role = "aut"))
as necessary.
Flavors: r-devel-linux-x86_64-debian-clang, r-devel-linux-x86_64-debian-gcc
Version: 2.9
Check: Rd files
Result: NOTE
checkRd: (-1) Copula.Markov-package.Rd:14-20: Only 2 columns allowed in this table (row 5 has 1)
Flavors: r-devel-linux-x86_64-debian-clang, r-devel-linux-x86_64-debian-gcc, r-devel-linux-x86_64-fedora-clang, r-devel-linux-x86_64-fedora-gcc, r-devel-windows-x86_64