CRAN Package Check Results for Package CustomerScoringMetrics

Last updated on 2025-11-05 07:50:41 CET.

Flavor Version Tinstall Tcheck Ttotal Status Flags
r-devel-linux-x86_64-debian-clang 1.0.0 1.83 22.35 24.18 NOTE
r-devel-linux-x86_64-debian-gcc 1.0.0 1.53 18.17 19.70 NOTE
r-devel-linux-x86_64-fedora-clang 1.0.0 47.00 -8.23 38.77 OK
r-devel-linux-x86_64-fedora-gcc 1.0.0 33.94 OK
r-devel-windows-x86_64 1.0.0 4.00 46.00 50.00 OK
r-patched-linux-x86_64 1.0.0 2.33 21.22 23.55 OK
r-release-linux-x86_64 1.0.0 1.83 21.16 22.99 OK
r-release-macos-arm64 1.0.0 1.00 15.00 16.00 OK
r-release-macos-x86_64 1.0.0 2.00 22.00 24.00 OK
r-release-windows-x86_64 1.0.0 3.00 38.00 41.00 OK
r-oldrel-macos-arm64 1.0.0 1.00 14.00 15.00 OK
r-oldrel-macos-x86_64 1.0.0 2.00 20.00 22.00 OK
r-oldrel-windows-x86_64 1.0.0 3.00 40.00 43.00 OK

Check Details

Version: 1.0.0
Check: CRAN incoming feasibility
Result: NOTE Maintainer: ‘Koen W. De Bock <[email protected]>’ No Authors@R field in DESCRIPTION. Please add one, modifying Authors@R: person(given = c("Koen", "W."), family = "De Bock", role = c("aut", "cre"), email = "[email protected]") as necessary. Flavors: r-devel-linux-x86_64-debian-clang, r-devel-linux-x86_64-debian-gcc