CRAN Package Check Results for Package DNAseqtest

Last updated on 2025-11-05 07:50:41 CET.

Flavor Version Tinstall Tcheck Ttotal Status Flags
r-devel-linux-x86_64-debian-clang 1.0 2.37 25.42 27.79 NOTE
r-devel-linux-x86_64-debian-gcc 1.0 1.85 19.62 21.47 NOTE
r-devel-linux-x86_64-fedora-clang 1.0 43.08 OK
r-devel-linux-x86_64-fedora-gcc 1.0 39.98 OK
r-devel-windows-x86_64 1.0 3.00 40.00 43.00 OK
r-patched-linux-x86_64 1.0 2.26 23.30 25.56 OK
r-release-linux-x86_64 1.0 2.79 23.25 26.04 OK
r-release-macos-arm64 1.0 2.00 18.00 20.00 OK
r-release-macos-x86_64 1.0 2.00 28.00 30.00 OK
r-release-windows-x86_64 1.0 3.00 38.00 41.00 OK
r-oldrel-macos-arm64 1.0 1.00 15.00 16.00 OK
r-oldrel-macos-x86_64 1.0 2.00 26.00 28.00 OK
r-oldrel-windows-x86_64 1.0 3.00 41.00 44.00 OK

Check Details

Version: 1.0
Check: CRAN incoming feasibility
Result: NOTE Maintainer: ‘Hasinur Rahaman Khan <[email protected]>’ No Authors@R field in DESCRIPTION. Please add one, modifying Authors@R: c(person(given = "Faisal", family = "Ababneh", role = "aut"), person(given = "John", family = "Robinson", role = "aut"), person(given = c("Lars", "S"), family = "Jermiin", role = "aut"), person(given = c("Hasinur", "Rahaman"), family = "Khan", role = c("aut", "cre"), email = "[email protected]")) as necessary. Flavors: r-devel-linux-x86_64-debian-clang, r-devel-linux-x86_64-debian-gcc