CRAN Package Check Results for Package DOvalidation

Last updated on 2025-11-05 07:50:41 CET.

Flavor Version Tinstall Tcheck Ttotal Status Flags
r-devel-linux-x86_64-debian-clang 1.1.0 3.64 31.87 35.51 NOTE
r-devel-linux-x86_64-debian-gcc 1.1.0 2.80 23.95 26.75 NOTE
r-devel-linux-x86_64-fedora-clang 1.1.0 53.41 OK
r-devel-linux-x86_64-fedora-gcc 1.1.0 49.72 OK
r-devel-windows-x86_64 1.1.0 4.00 47.00 51.00 OK
r-patched-linux-x86_64 1.1.0 3.23 29.53 32.76 OK
r-release-linux-x86_64 1.1.0 2.72 29.90 32.62 OK
r-release-macos-arm64 1.1.0 2.00 19.00 21.00 OK
r-release-macos-x86_64 1.1.0 3.00 34.00 37.00 OK
r-release-windows-x86_64 1.1.0 6.00 47.00 53.00 OK
r-oldrel-macos-arm64 1.1.0 2.00 16.00 18.00 OK
r-oldrel-macos-x86_64 1.1.0 2.00 27.00 29.00 OK
r-oldrel-windows-x86_64 1.1.0 4.00 49.00 53.00 OK

Check Details

Version: 1.1.0
Check: CRAN incoming feasibility
Result: NOTE Maintainer: ‘Maria Dolores Martinez-Miranda <[email protected]>’ No Authors@R field in DESCRIPTION. Please add one, modifying Authors@R: c(person(given = "M.L.", family = "Gamiz", role = "aut"), person(given = "E.", family = "Mammen", role = "aut"), person(given = "M.D.", family = "Martinez-Miranda", role = "aut"), person(given = "J.P.", family = "Nielsen", role = "aut"), person(given = c("Maria", "Dolores"), family = "Martinez-Miranda", role = "cre", email = "[email protected]")) as necessary. Flavors: r-devel-linux-x86_64-debian-clang, r-devel-linux-x86_64-debian-gcc