Last updated on 2025-11-05 07:50:42 CET.
| Flavor | Version | Tinstall | Tcheck | Ttotal | Status | Flags |
|---|---|---|---|---|---|---|
| r-devel-linux-x86_64-debian-clang | 0.1-3 | 1.50 | 20.22 | 21.72 | NOTE | |
| r-devel-linux-x86_64-debian-gcc | 0.1-3 | 1.35 | 17.12 | 18.47 | NOTE | |
| r-devel-linux-x86_64-fedora-clang | 0.1-3 | 31.29 | OK | |||
| r-devel-linux-x86_64-fedora-gcc | 0.1-3 | 30.28 | OK | |||
| r-devel-windows-x86_64 | 0.1-3 | 2.00 | 40.00 | 42.00 | OK | |
| r-patched-linux-x86_64 | 0.1-3 | 1.71 | 19.20 | 20.91 | OK | |
| r-release-linux-x86_64 | 0.1-3 | 1.62 | 19.18 | 20.80 | OK | |
| r-release-macos-arm64 | 0.1-3 | 1.00 | 16.00 | 17.00 | OK | |
| r-release-macos-x86_64 | 0.1-3 | 1.00 | 22.00 | 23.00 | OK | |
| r-release-windows-x86_64 | 0.1-3 | 4.00 | 38.00 | 42.00 | OK | |
| r-oldrel-macos-arm64 | 0.1-3 | 1.00 | 14.00 | 15.00 | OK | |
| r-oldrel-macos-x86_64 | 0.1-3 | 1.00 | 19.00 | 20.00 | OK | |
| r-oldrel-windows-x86_64 | 0.1-3 | 3.00 | 40.00 | 43.00 | OK |
Version: 0.1-3
Check: CRAN incoming feasibility
Result: NOTE
Maintainer: ‘William Nicholson<[email protected]>’
No Authors@R field in DESCRIPTION.
Please add one, modifying
Authors@R: person(given = "William",
family = "Nicholson",
role = c("aut", "cre"),
email = "[email protected]")
as necessary.
Flavors: r-devel-linux-x86_64-debian-clang, r-devel-linux-x86_64-debian-gcc