Last updated on 2025-11-05 07:50:41 CET.
| Flavor | Version | Tinstall | Tcheck | Ttotal | Status | Flags |
|---|---|---|---|---|---|---|
| r-devel-linux-x86_64-debian-clang | 1.1.3 | 4.02 | 28.09 | 32.11 | NOTE | |
| r-devel-linux-x86_64-debian-gcc | 1.1.3 | 2.94 | 22.12 | 25.06 | NOTE | |
| r-devel-linux-x86_64-fedora-clang | 1.1.3 | 48.03 | OK | |||
| r-devel-linux-x86_64-fedora-gcc | 1.1.3 | 45.22 | OK | |||
| r-devel-windows-x86_64 | 1.1.3 | 6.00 | 45.00 | 51.00 | OK | |
| r-patched-linux-x86_64 | 1.1.3 | 4.24 | 26.54 | 30.78 | OK | |
| r-release-linux-x86_64 | 1.1.3 | 3.18 | 26.57 | 29.75 | OK | |
| r-release-macos-arm64 | 1.1.3 | 3.00 | 17.00 | 20.00 | OK | |
| r-release-macos-x86_64 | 1.1.3 | 6.00 | 26.00 | 32.00 | OK | |
| r-release-windows-x86_64 | 1.1.3 | 7.00 | 43.00 | 50.00 | OK | |
| r-oldrel-macos-arm64 | 1.1.3 | 3.00 | 16.00 | 19.00 | OK | |
| r-oldrel-macos-x86_64 | 1.1.3 | 3.00 | 23.00 | 26.00 | OK | |
| r-oldrel-windows-x86_64 | 1.1.3 | 7.00 | 46.00 | 53.00 | OK |
Version: 1.1.3
Check: CRAN incoming feasibility
Result: NOTE
Maintainer: ‘Bill Wheeler <[email protected]>’
No Authors@R field in DESCRIPTION.
Please add one, modifying
Authors@R: c(person(given = "Zhenzhen",
family = "Xu",
role = "aut",
email = "[email protected]"),
person(given = "Boguang",
family = "Zhen",
role = "aut",
email = "[email protected]"),
person(given = "Yongsoek",
family = "Park",
role = "aut",
email = "[email protected]"),
person(given = "Bin",
family = "Zhu",
role = "aut",
email = "[email protected]"),
person(given = "Bill",
family = "Wheeler",
role = "cre",
email = "[email protected]"))
as necessary.
Flavors: r-devel-linux-x86_64-debian-clang, r-devel-linux-x86_64-debian-gcc