Last updated on 2025-11-05 07:50:42 CET.
| Flavor | Version | Tinstall | Tcheck | Ttotal | Status | Flags |
|---|---|---|---|---|---|---|
| r-devel-linux-x86_64-debian-clang | 3.24 | 2.21 | 22.71 | 24.92 | NOTE | |
| r-devel-linux-x86_64-debian-gcc | 3.24 | 1.87 | 17.96 | 19.83 | NOTE | |
| r-devel-linux-x86_64-fedora-clang | 3.24 | 36.92 | OK | |||
| r-devel-linux-x86_64-fedora-gcc | 3.24 | 34.81 | OK | |||
| r-devel-windows-x86_64 | 3.24 | 5.00 | 42.00 | 47.00 | OK | |
| r-patched-linux-x86_64 | 3.24 | 2.98 | 21.23 | 24.21 | OK | |
| r-release-linux-x86_64 | 3.24 | 2.46 | 21.26 | 23.72 | OK | |
| r-release-macos-arm64 | 3.24 | 2.00 | 15.00 | 17.00 | OK | |
| r-release-macos-x86_64 | 3.24 | 3.00 | 22.00 | 25.00 | OK | |
| r-release-windows-x86_64 | 3.24 | 4.00 | 41.00 | 45.00 | OK | |
| r-oldrel-macos-arm64 | 3.24 | 1.00 | 15.00 | 16.00 | OK | |
| r-oldrel-macos-x86_64 | 3.24 | 2.00 | 20.00 | 22.00 | OK | |
| r-oldrel-windows-x86_64 | 3.24 | 4.00 | 42.00 | 46.00 | OK |
Version: 3.24
Check: CRAN incoming feasibility
Result: NOTE
Maintainer: ‘Yves Rozenholc <[email protected]>’
No Authors@R field in DESCRIPTION.
Please add one, modifying
Authors@R: c(person(given = "Yves",
family = "Rozenholc",
role = c("aut", "cre"),
email = "[email protected]",
comment = "UR7537, Univ. Paris Cité"),
person(given = "Christophe",
family = "Pouzat",
role = "aut",
comment = "IRMA, CNRS UMR 7501"),
person(given = "Tiffany",
family = "Lieury",
role = "aut",
comment = "Cerebral Physiology lab, Univ. Paris Descartes"))
as necessary.
Flavors: r-devel-linux-x86_64-debian-clang, r-devel-linux-x86_64-debian-gcc