Last updated on 2025-11-05 07:50:42 CET.
| Flavor | Version | Tinstall | Tcheck | Ttotal | Status | Flags |
|---|---|---|---|---|---|---|
| r-devel-linux-x86_64-debian-clang | 1.0 | 1.89 | 18.87 | 20.76 | OK | |
| r-devel-linux-x86_64-debian-gcc | 1.0 | 1.42 | 15.69 | 17.11 | OK | |
| r-devel-linux-x86_64-fedora-clang | 1.0 | 30.87 | OK | |||
| r-devel-linux-x86_64-fedora-gcc | 1.0 | 29.05 | OK | |||
| r-devel-windows-x86_64 | 1.0 | 4.00 | 33.00 | 37.00 | OK | |
| r-patched-linux-x86_64 | 1.0 | 1.51 | 17.75 | 19.26 | OK | |
| r-release-linux-x86_64 | 1.0 | 1.63 | 17.99 | 19.62 | OK | |
| r-release-macos-arm64 | 1.0 | 1.00 | 13.00 | 14.00 | OK | |
| r-release-macos-x86_64 | 1.0 | 2.00 | 28.00 | 30.00 | OK | |
| r-release-windows-x86_64 | 1.0 | 4.00 | 34.00 | 38.00 | OK | |
| r-oldrel-macos-arm64 | 1.0 | 1.00 | 12.00 | 13.00 | NOTE | |
| r-oldrel-macos-x86_64 | 1.0 | 2.00 | 22.00 | 24.00 | NOTE | |
| r-oldrel-windows-x86_64 | 1.0 | 3.00 | 35.00 | 38.00 | NOTE |
Version: 1.0
Check: LazyData
Result: NOTE
'LazyData' is specified without a 'data' directory
Flavors: r-oldrel-macos-arm64, r-oldrel-macos-x86_64, r-oldrel-windows-x86_64