CRAN Package Check Results for Package EMSNM

Last updated on 2025-11-05 07:50:42 CET.

Flavor Version Tinstall Tcheck Ttotal Status Flags
r-devel-linux-x86_64-debian-clang 1.0 1.86 43.46 45.32 NOTE
r-devel-linux-x86_64-debian-gcc 1.0 1.62 30.68 32.30 NOTE
r-devel-linux-x86_64-fedora-clang 1.0 70.67 OK
r-devel-linux-x86_64-fedora-gcc 1.0 68.01 OK
r-devel-windows-x86_64 1.0 5.00 57.00 62.00 OK
r-patched-linux-x86_64 1.0 2.06 40.33 42.39 OK
r-release-linux-x86_64 1.0 1.89 41.33 43.22 OK
r-release-macos-arm64 1.0 1.00 29.00 30.00 OK
r-release-macos-x86_64 1.0 2.00 39.00 41.00 OK
r-release-windows-x86_64 1.0 4.00 57.00 61.00 OK
r-oldrel-macos-arm64 1.0 1.00 22.00 23.00 OK
r-oldrel-macos-x86_64 1.0 2.00 34.00 36.00 OK
r-oldrel-windows-x86_64 1.0 3.00 58.00 61.00 OK

Check Details

Version: 1.0
Check: CRAN incoming feasibility
Result: NOTE Maintainer: ‘Linsui Deng <[email protected]>’ No Authors@R field in DESCRIPTION. Please add one, modifying Authors@R: person(given = "Linsui", family = "Deng", role = c("aut", "cre"), email = "[email protected]") as necessary. Flavors: r-devel-linux-x86_64-debian-clang, r-devel-linux-x86_64-debian-gcc