Last updated on 2025-11-05 07:50:42 CET.
| Flavor | Version | Tinstall | Tcheck | Ttotal | Status | Flags |
|---|---|---|---|---|---|---|
| r-devel-linux-x86_64-debian-clang | 0.1-4 | 2.94 | 26.88 | 29.82 | NOTE | |
| r-devel-linux-x86_64-debian-gcc | 0.1-4 | 2.34 | 22.22 | 24.56 | NOTE | |
| r-devel-linux-x86_64-fedora-clang | 0.1-4 | 43.83 | OK | |||
| r-devel-linux-x86_64-fedora-gcc | 0.1-4 | 42.24 | OK | |||
| r-devel-windows-x86_64 | 0.1-4 | 4.00 | 50.00 | 54.00 | OK | |
| r-patched-linux-x86_64 | 0.1-4 | 3.60 | 25.06 | 28.66 | OK | |
| r-release-linux-x86_64 | 0.1-4 | 2.64 | 24.88 | 27.52 | OK | |
| r-release-macos-arm64 | 0.1-4 | 1.00 | 18.00 | 19.00 | OK | |
| r-release-macos-x86_64 | 0.1-4 | 3.00 | 25.00 | 28.00 | OK | |
| r-release-windows-x86_64 | 0.1-4 | 4.00 | 48.00 | 52.00 | OK | |
| r-oldrel-macos-arm64 | 0.1-4 | 2.00 | 14.00 | 16.00 | OK | |
| r-oldrel-macos-x86_64 | 0.1-4 | 2.00 | 23.00 | 25.00 | OK | |
| r-oldrel-windows-x86_64 | 0.1-4 | 5.00 | 50.00 | 55.00 | OK |
Version: 0.1-4
Check: CRAN incoming feasibility
Result: NOTE
Maintainer: ‘Alexander Karlsson <[email protected]>’
No Authors@R field in DESCRIPTION.
Please add one, modifying
Authors@R: person(given = "Alexander",
family = "Karlsson",
role = c("aut", "cre"),
email = "[email protected]")
as necessary.
Package CITATION file contains call(s) to old-style personList() or
as.personList(). Please use c() on person objects instead.
Package CITATION file contains call(s) to old-style citEntry(). Please
use bibentry() instead.
Flavors: r-devel-linux-x86_64-debian-clang, r-devel-linux-x86_64-debian-gcc