CRAN Package Check Results for Package ExactCIdiff

Last updated on 2025-11-05 07:50:42 CET.

Flavor Version Tinstall Tcheck Ttotal Status Flags
r-devel-linux-x86_64-debian-clang 2.1 3.05 23.57 26.62 NOTE
r-devel-linux-x86_64-debian-gcc 2.1 2.03 18.02 20.05 NOTE
r-devel-linux-x86_64-fedora-clang 2.1 39.73 OK
r-devel-linux-x86_64-fedora-gcc 2.1 37.77 OK
r-devel-windows-x86_64 2.1 4.00 35.00 39.00 OK
r-patched-linux-x86_64 2.1 2.92 21.86 24.78 OK
r-release-linux-x86_64 2.1 3.07 21.81 24.88 OK
r-release-macos-arm64 2.1 2.00 14.00 16.00 OK
r-release-macos-x86_64 2.1 4.00 33.00 37.00 OK
r-release-windows-x86_64 2.1 5.00 35.00 40.00 OK
r-oldrel-macos-arm64 2.1 1.00 14.00 15.00 OK
r-oldrel-macos-x86_64 2.1 3.00 28.00 31.00 OK
r-oldrel-windows-x86_64 2.1 4.00 38.00 42.00 OK

Check Details

Version: 2.1
Check: CRAN incoming feasibility
Result: NOTE Maintainer: ‘Guogen Shan <[email protected]>’ No Authors@R field in DESCRIPTION. Please add one, modifying Authors@R: c(person(given = "Guogen", family = "Shan", role = c("aut", "cre"), email = "[email protected]"), person(given = "Weizhen", family = "Wang", role = "aut", email = "[email protected]")) as necessary. Flavors: r-devel-linux-x86_64-debian-clang, r-devel-linux-x86_64-debian-gcc