CRAN Package Check Results for Package FGRepo

Last updated on 2025-11-05 07:50:43 CET.

Flavor Version Tinstall Tcheck Ttotal Status Flags
r-devel-linux-x86_64-debian-clang 1.3.2.0 24.50 23.62 48.12 OK
r-devel-linux-x86_64-debian-gcc 1.3.2.0 19.97 19.24 39.21 OK
r-devel-linux-x86_64-fedora-clang 1.3.2.0 45.00 26.10 71.10 OK
r-devel-linux-x86_64-fedora-gcc 1.3.2.0 47.00 23.64 70.64 OK
r-devel-windows-x86_64 1.3.2.0 24.00 38.00 62.00 OK
r-patched-linux-x86_64 1.3.2.0 25.83 22.49 48.32 OK
r-release-linux-x86_64 1.3.2.0 24.76 22.89 47.65 OK
r-release-macos-arm64 1.3.2.0 15.00 16.00 31.00 OK
r-release-macos-x86_64 1.3.2.0 28.00 26.00 54.00 OK
r-release-windows-x86_64 1.3.2.0 24.00 38.00 62.00 OK
r-oldrel-macos-arm64 1.3.2.0 19.00 17.00 36.00 NOTE
r-oldrel-macos-x86_64 1.3.2.0 23.00 28.00 51.00 NOTE
r-oldrel-windows-x86_64 1.3.2.0 27.00 43.00 70.00 OK

Check Details

Version: 1.3.2.0
Check: installed package size
Result: NOTE installed size is 5.9Mb sub-directories of 1Mb or more: data 5.8Mb Flavors: r-oldrel-macos-arm64, r-oldrel-macos-x86_64