CRAN Package Check Results for Package FGalgorithm

Last updated on 2025-11-05 07:50:43 CET.

Flavor Version Tinstall Tcheck Ttotal Status Flags
r-devel-linux-x86_64-debian-clang 1.0 1.70 19.14 20.84 NOTE
r-devel-linux-x86_64-debian-gcc 1.0 1.30 15.45 16.75 NOTE
r-devel-linux-x86_64-fedora-clang 1.0 30.34 OK
r-devel-linux-x86_64-fedora-gcc 1.0 28.53 OK
r-devel-windows-x86_64 1.0 4.00 33.00 37.00 OK
r-patched-linux-x86_64 1.0 1.73 18.10 19.83 OK
r-release-linux-x86_64 1.0 1.59 18.06 19.65 OK
r-release-macos-arm64 1.0 1.00 12.00 13.00 OK
r-release-macos-x86_64 1.0 2.00 23.00 25.00 OK
r-release-windows-x86_64 1.0 3.00 32.00 35.00 OK
r-oldrel-macos-arm64 1.0 1.00 12.00 13.00 OK
r-oldrel-macos-x86_64 1.0 1.00 18.00 19.00 OK
r-oldrel-windows-x86_64 1.0 2.00 35.00 37.00 OK

Check Details

Version: 1.0
Check: CRAN incoming feasibility
Result: NOTE Maintainer: ‘Dariush Najarzadeh <[email protected]>’ No Authors@R field in DESCRIPTION. Please add one, modifying Authors@R: person(given = "Dariush", family = "Najarzadeh", role = c("aut", "cre"), email = "[email protected]") as necessary. Flavors: r-devel-linux-x86_64-debian-clang, r-devel-linux-x86_64-debian-gcc