CRAN Package Check Results for Package FUNTA

Last updated on 2025-11-05 07:50:44 CET.

Flavor Version Tinstall Tcheck Ttotal Status Flags
r-devel-linux-x86_64-debian-clang 0.1.0 1.78 18.56 20.34 NOTE
r-devel-linux-x86_64-debian-gcc 0.1.0 1.43 15.54 16.97 NOTE
r-devel-linux-x86_64-fedora-clang 0.1.0 29.91 OK
r-devel-linux-x86_64-fedora-gcc 0.1.0 28.84 OK
r-devel-windows-x86_64 0.1.0 4.00 33.00 37.00 OK
r-patched-linux-x86_64 0.1.0 1.84 17.54 19.38 OK
r-release-linux-x86_64 0.1.0 1.58 17.66 19.24 OK
r-release-macos-arm64 0.1.0 1.00 13.00 14.00 OK
r-release-macos-x86_64 0.1.0 2.00 20.00 22.00 OK
r-release-windows-x86_64 0.1.0 2.00 33.00 35.00 OK
r-oldrel-macos-arm64 0.1.0 1.00 12.00 13.00 NOTE
r-oldrel-macos-x86_64 0.1.0 2.00 19.00 21.00 NOTE
r-oldrel-windows-x86_64 0.1.0 3.00 34.00 37.00 NOTE

Check Details

Version: 0.1.0
Check: CRAN incoming feasibility
Result: NOTE Maintainer: ‘Andre Rehage <[email protected]>’ No Authors@R field in DESCRIPTION. Please add one, modifying Authors@R: person(given = "Andre", family = "Rehage", role = c("aut", "cre"), email = "[email protected]") as necessary. Found the following \keyword or \concept entries which likely give several index terms: File ‘FUNTA-package.Rd’: \keyword{ package classif robust} Flavors: r-devel-linux-x86_64-debian-clang, r-devel-linux-x86_64-debian-gcc

Version: 0.1.0
Check: LazyData
Result: NOTE 'LazyData' is specified without a 'data' directory Flavors: r-oldrel-macos-arm64, r-oldrel-macos-x86_64, r-oldrel-windows-x86_64