CRAN Package Check Results for Package FinePop2

Last updated on 2025-11-05 07:50:43 CET.

Flavor Version Tinstall Tcheck Ttotal Status Flags
r-devel-linux-x86_64-debian-clang 0.4 2.27 29.77 32.04 NOTE
r-devel-linux-x86_64-debian-gcc 0.4 1.90 23.11 25.01 NOTE
r-devel-linux-x86_64-fedora-clang 0.4 44.95 OK
r-devel-linux-x86_64-fedora-gcc 0.4 44.85 OK
r-devel-windows-x86_64 0.4 3.00 44.00 47.00 OK
r-patched-linux-x86_64 0.4 2.43 27.31 29.74 OK
r-release-linux-x86_64 0.4 2.42 27.65 30.07 OK
r-release-macos-arm64 0.4 1.00 17.00 18.00 OK
r-release-macos-x86_64 0.4 2.00 25.00 27.00 OK
r-release-windows-x86_64 0.4 4.00 42.00 46.00 OK
r-oldrel-macos-arm64 0.4 1.00 17.00 18.00 OK
r-oldrel-macos-x86_64 0.4 2.00 23.00 25.00 OK
r-oldrel-windows-x86_64 0.4 4.00 45.00 49.00 OK

Check Details

Version: 0.4
Check: CRAN incoming feasibility
Result: NOTE Maintainer: ‘Reiichiro Nakamichi <[email protected]>’ No Authors@R field in DESCRIPTION. Please add one, modifying Authors@R: c(person(given = "Reiichiro", family = "Nakamichi", role = c("aut", "cre"), email = "[email protected]"), person(given = "Shuichi", family = "Kitada", role = "aut"), person(given = "Hirohisa", family = "Kishino", role = "aut")) as necessary. Flavors: r-devel-linux-x86_64-debian-clang, r-devel-linux-x86_64-debian-gcc