CRAN Package Check Results for Package GACFF

Last updated on 2025-11-05 07:50:44 CET.

Flavor Version Tinstall Tcheck Ttotal Status Flags
r-devel-linux-x86_64-debian-clang 1.0 2.06 39.79 41.85 NOTE
r-devel-linux-x86_64-debian-gcc 1.0 1.88 25.52 27.40 NOTE
r-devel-linux-x86_64-fedora-clang 1.0 62.12 OK
r-devel-linux-x86_64-fedora-gcc 1.0 56.54 OK
r-devel-windows-x86_64 1.0 3.00 58.00 61.00 OK
r-patched-linux-x86_64 1.0 2.70 35.63 38.33 OK
r-release-linux-x86_64 1.0 2.26 34.94 37.20 OK
r-release-macos-arm64 1.0 2.00 19.00 21.00 OK
r-release-macos-x86_64 1.0 2.00 45.00 47.00 OK
r-release-windows-x86_64 1.0 4.00 49.00 53.00 OK
r-oldrel-macos-arm64 1.0 1.00 18.00 19.00 OK
r-oldrel-macos-x86_64 1.0 2.00 31.00 33.00 OK
r-oldrel-windows-x86_64 1.0 4.00 52.00 56.00 OK

Check Details

Version: 1.0
Check: CRAN incoming feasibility
Result: NOTE Maintainer: ‘Farimah Houshmand Nanehkaran <[email protected]>’ No Authors@R field in DESCRIPTION. Please add one, modifying Authors@R: c(person(given = c("Farimah", "Houshmand"), family = "Nanehkaran", role = c("aut", "cre"), email = "[email protected]"), person(given = c("Seyed", "Mohammad", "Reza"), family = "Lajevardi", role = "aut", email = "[email protected]"), person(given = c("Mahmoud", "Mahlouji"), family = "Bidgholi", role = "aut", email = "[email protected]")) as necessary. Flavors: r-devel-linux-x86_64-debian-clang, r-devel-linux-x86_64-debian-gcc