CRAN Package Check Results for Package GAIPE

Last updated on 2025-11-05 07:50:44 CET.

Flavor Version Tinstall Tcheck Ttotal Status Flags
r-devel-linux-x86_64-debian-clang 1.1 1.77 23.41 25.18 NOTE
r-devel-linux-x86_64-debian-gcc 1.1 1.77 18.74 20.51 NOTE
r-devel-linux-x86_64-fedora-clang 1.1 37.27 OK
r-devel-linux-x86_64-fedora-gcc 1.1 35.99 OK
r-devel-windows-x86_64 1.1 3.00 43.00 46.00 OK
r-patched-linux-x86_64 1.1 2.24 21.91 24.15 OK
r-release-linux-x86_64 1.1 1.96 22.58 24.54 OK
r-release-macos-arm64 1.1 1.00 17.00 18.00 OK
r-release-macos-x86_64 1.1 3.00 31.00 34.00 OK
r-release-windows-x86_64 1.1 4.00 42.00 46.00 OK
r-oldrel-macos-arm64 1.1 1.00 14.00 15.00 OK
r-oldrel-macos-x86_64 1.1 3.00 21.00 24.00 OK
r-oldrel-windows-x86_64 1.1 4.00 45.00 49.00 OK

Check Details

Version: 1.1
Check: CRAN incoming feasibility
Result: NOTE Maintainer: ‘Yao Lin <[email protected]>’ No Authors@R field in DESCRIPTION. Please add one, modifying Authors@R: c(person(given = "Tzu-Yao", family = "Lin", role = "aut"), person(given = "Yao", family = "Lin", role = "cre", email = "[email protected]")) as necessary. Flavors: r-devel-linux-x86_64-debian-clang, r-devel-linux-x86_64-debian-gcc