CRAN Package Check Results for Package GIplot

Last updated on 2025-11-05 07:50:45 CET.

Flavor Version Tinstall Tcheck Ttotal Status Flags
r-devel-linux-x86_64-debian-clang 0.1.0 1.78 18.70 20.48 NOTE
r-devel-linux-x86_64-debian-gcc 0.1.0 1.38 14.95 16.33 NOTE
r-devel-linux-x86_64-fedora-clang 0.1.0 27.84 OK
r-devel-linux-x86_64-fedora-gcc 0.1.0 26.96 OK
r-devel-windows-x86_64 0.1.0 4.00 32.00 36.00 OK
r-patched-linux-x86_64 0.1.0 1.55 17.59 19.14 OK
r-release-linux-x86_64 0.1.0 1.62 17.53 19.15 OK
r-release-macos-arm64 0.1.0 1.00 15.00 16.00 OK
r-release-macos-x86_64 0.1.0 2.00 20.00 22.00 OK
r-release-windows-x86_64 0.1.0 3.00 32.00 35.00 OK
r-oldrel-macos-arm64 0.1.0 1.00 13.00 14.00 OK
r-oldrel-macos-x86_64 0.1.0 2.00 17.00 19.00 OK
r-oldrel-windows-x86_64 0.1.0 2.00 34.00 36.00 OK

Check Details

Version: 0.1.0
Check: CRAN incoming feasibility
Result: NOTE Maintainer: ‘Siddhanta Phuyal <[email protected]>’ No Authors@R field in DESCRIPTION. Please add one, modifying Authors@R: c(person(given = c("Siddhanta", "Phuyal", "Mamunur", "Rashid", "<[email protected]>", "Jyotirmoy", "Sarkar"), family = "<[email protected]>", role = "aut", email = "[email protected]"), person(given = "Siddhanta", family = "Phuyal", role = "cre", email = "[email protected]")) as necessary. Flavors: r-devel-linux-x86_64-debian-clang, r-devel-linux-x86_64-debian-gcc