Last updated on 2025-11-05 07:50:45 CET.
| Flavor | Version | Tinstall | Tcheck | Ttotal | Status | Flags |
|---|---|---|---|---|---|---|
| r-devel-linux-x86_64-debian-clang | 0.1.1 | 1.68 | 19.67 | 21.35 | NOTE | |
| r-devel-linux-x86_64-debian-gcc | 0.1.1 | 1.53 | 16.13 | 17.66 | NOTE | |
| r-devel-linux-x86_64-fedora-clang | 0.1.1 | 31.03 | OK | |||
| r-devel-linux-x86_64-fedora-gcc | 0.1.1 | 29.26 | OK | |||
| r-devel-windows-x86_64 | 0.1.1 | 3.00 | 39.00 | 42.00 | OK | |
| r-patched-linux-x86_64 | 0.1.1 | 1.80 | 18.72 | 20.52 | OK | |
| r-release-linux-x86_64 | 0.1.1 | 1.76 | 18.79 | 20.55 | OK | |
| r-release-macos-arm64 | 0.1.1 | 1.00 | 15.00 | 16.00 | OK | |
| r-release-macos-x86_64 | 0.1.1 | 2.00 | 21.00 | 23.00 | OK | |
| r-release-windows-x86_64 | 0.1.1 | 3.00 | 37.00 | 40.00 | OK | |
| r-oldrel-macos-arm64 | 0.1.1 | 1.00 | 13.00 | 14.00 | NOTE | |
| r-oldrel-macos-x86_64 | 0.1.1 | 2.00 | 18.00 | 20.00 | NOTE | |
| r-oldrel-windows-x86_64 | 0.1.1 | 2.00 | 38.00 | 40.00 | NOTE |
Version: 0.1.1
Check: CRAN incoming feasibility
Result: NOTE
Maintainer: ‘Michael Klein <[email protected]>’
No Authors@R field in DESCRIPTION.
Please add one, modifying
Authors@R: person(given = "Michael",
family = "Klein",
role = c("aut", "cre"),
email = "[email protected]")
as necessary.
Flavors: r-devel-linux-x86_64-debian-clang, r-devel-linux-x86_64-debian-gcc
Version: 0.1.1
Check: LazyData
Result: NOTE
'LazyData' is specified without a 'data' directory
Flavors: r-oldrel-macos-arm64, r-oldrel-macos-x86_64, r-oldrel-windows-x86_64