Last updated on 2025-11-05 07:50:46 CET.
| Flavor | Version | Tinstall | Tcheck | Ttotal | Status | Flags |
|---|---|---|---|---|---|---|
| r-devel-linux-x86_64-debian-clang | 1.2 | 1.74 | 20.22 | 21.96 | NOTE | |
| r-devel-linux-x86_64-debian-gcc | 1.2 | 1.26 | 16.53 | 17.79 | NOTE | |
| r-devel-linux-x86_64-fedora-clang | 1.2 | 31.83 | NOTE | |||
| r-devel-linux-x86_64-fedora-gcc | 1.2 | 29.82 | NOTE | |||
| r-devel-windows-x86_64 | 1.2 | 4.00 | 38.00 | 42.00 | OK | |
| r-patched-linux-x86_64 | 1.2 | 1.55 | 19.20 | 20.75 | NOTE | |
| r-release-linux-x86_64 | 1.2 | 1.60 | 19.00 | 20.60 | NOTE | |
| r-release-macos-arm64 | 1.2 | 1.00 | 15.00 | 16.00 | OK | |
| r-release-macos-x86_64 | 1.2 | 2.00 | 22.00 | 24.00 | OK | |
| r-release-windows-x86_64 | 1.2 | 3.00 | 37.00 | 40.00 | OK | |
| r-oldrel-macos-arm64 | 1.2 | 1.00 | 13.00 | 14.00 | OK | |
| r-oldrel-macos-x86_64 | 1.2 | 1.00 | 19.00 | 20.00 | OK | |
| r-oldrel-windows-x86_64 | 1.2 | 3.00 | 40.00 | 43.00 | OK |
Version: 1.2
Check: CRAN incoming feasibility
Result: NOTE
Maintainer: ‘ChangJiang Xu <[email protected]>’
No Authors@R field in DESCRIPTION.
Please add one, modifying
Authors@R: c(person(given = "ChangJiang",
family = "Xu",
role = c("aut", "cre"),
email = "[email protected]"),
person(given = c("Celia", "M.T."),
family = "Greenwood",
role = "aut"))
as necessary.
Flavors: r-devel-linux-x86_64-debian-clang, r-devel-linux-x86_64-debian-gcc
Version: 1.2
Check: for non-standard things in the check directory
Result: NOTE
Found the following files/directories:
‘testdata1.txt’ ‘testdata2.txt’ ‘testdata3.txt’
Flavors: r-devel-linux-x86_64-debian-clang, r-devel-linux-x86_64-debian-gcc, r-devel-linux-x86_64-fedora-clang, r-devel-linux-x86_64-fedora-gcc, r-patched-linux-x86_64, r-release-linux-x86_64