CRAN Package Check Results for Package GroupTest

Last updated on 2025-11-05 07:50:46 CET.

Flavor Version Tinstall Tcheck Ttotal Status Flags
r-devel-linux-x86_64-debian-clang 1.0.1 1.83 35.66 37.49 NOTE
r-devel-linux-x86_64-debian-gcc 1.0.1 1.53 25.86 27.39 NOTE
r-devel-linux-x86_64-fedora-clang 1.0.1 57.58 OK
r-devel-linux-x86_64-fedora-gcc 1.0.1 53.69 OK
r-devel-windows-x86_64 1.0.1 2.00 46.00 48.00 OK
r-patched-linux-x86_64 1.0.1 1.81 34.13 35.94 OK
r-release-linux-x86_64 1.0.1 1.85 33.44 35.29 OK
r-release-macos-arm64 1.0.1 1.00 16.00 17.00 OK
r-release-macos-x86_64 1.0.1 2.00 31.00 33.00 OK
r-release-windows-x86_64 1.0.1 3.00 46.00 49.00 OK
r-oldrel-macos-arm64 1.0.1 1.00 16.00 17.00 OK
r-oldrel-macos-x86_64 1.0.1 2.00 26.00 28.00 OK
r-oldrel-windows-x86_64 1.0.1 2.00 49.00 51.00 OK

Check Details

Version: 1.0.1
Check: CRAN incoming feasibility
Result: NOTE Maintainer: ‘Zhigen Zhao <[email protected]>’ No Authors@R field in DESCRIPTION. Please add one, modifying Authors@R: person(given = "Zhigen", family = "Zhao", role = c("aut", "cre"), email = "[email protected]") as necessary. Flavors: r-devel-linux-x86_64-debian-clang, r-devel-linux-x86_64-debian-gcc