Last updated on 2025-11-05 07:50:46 CET.
| Flavor | Version | Tinstall | Tcheck | Ttotal | Status | Flags |
|---|---|---|---|---|---|---|
| r-devel-linux-x86_64-debian-clang | 0.1-3 | 1.57 | 18.06 | 19.63 | NOTE | |
| r-devel-linux-x86_64-debian-gcc | 0.1-3 | 1.37 | 14.98 | 16.35 | NOTE | |
| r-devel-linux-x86_64-fedora-clang | 0.1-3 | 30.24 | OK | |||
| r-devel-linux-x86_64-fedora-gcc | 0.1-3 | 25.60 | OK | |||
| r-devel-windows-x86_64 | 0.1-3 | 3.00 | 32.00 | 35.00 | OK | |
| r-patched-linux-x86_64 | 0.1-3 | 1.63 | 17.00 | 18.63 | OK | |
| r-release-linux-x86_64 | 0.1-3 | 1.38 | 17.20 | 18.58 | OK | |
| r-release-macos-arm64 | 0.1-3 | 1.00 | 12.00 | 13.00 | OK | |
| r-release-macos-x86_64 | 0.1-3 | 1.00 | 19.00 | 20.00 | OK | |
| r-release-windows-x86_64 | 0.1-3 | 2.00 | 31.00 | 33.00 | OK | |
| r-oldrel-macos-arm64 | 0.1-3 | 1.00 | 11.00 | 12.00 | OK | |
| r-oldrel-macos-x86_64 | 0.1-3 | 1.00 | 17.00 | 18.00 | OK | |
| r-oldrel-windows-x86_64 | 0.1-3 | 3.00 | 34.00 | 37.00 | OK |
Version: 0.1-3
Check: CRAN incoming feasibility
Result: NOTE
Maintainer: ‘Lawrence Hudson <[email protected]>’
No Authors@R field in DESCRIPTION.
Please add one, modifying
Authors@R: person(given = "Lawrence",
family = "Hudson",
role = c("aut", "cre"),
email = "[email protected]")
as necessary.
Flavors: r-devel-linux-x86_64-debian-clang, r-devel-linux-x86_64-debian-gcc