CRAN Package Check Results for Package KSA

Last updated on 2025-11-05 07:50:48 CET.

Flavor Version Tinstall Tcheck Ttotal Status Flags
r-devel-linux-x86_64-debian-clang 0.1.0 1.51 18.44 19.95 NOTE
r-devel-linux-x86_64-debian-gcc 0.1.0 1.35 15.45 16.80 NOTE
r-devel-linux-x86_64-fedora-clang 0.1.0 30.61 OK
r-devel-linux-x86_64-fedora-gcc 0.1.0 27.76 OK
r-devel-windows-x86_64 0.1.0 2.00 37.00 39.00 OK
r-patched-linux-x86_64 0.1.0 1.58 17.18 18.76 OK
r-release-linux-x86_64 0.1.0 1.36 17.77 19.13 OK
r-release-macos-arm64 0.1.0 1.00 14.00 15.00 OK
r-release-macos-x86_64 0.1.0 2.00 24.00 26.00 OK
r-release-windows-x86_64 0.1.0 3.00 36.00 39.00 OK
r-oldrel-macos-arm64 0.1.0 1.00 13.00 14.00 OK
r-oldrel-macos-x86_64 0.1.0 1.00 21.00 22.00 OK
r-oldrel-windows-x86_64 0.1.0 2.00 38.00 40.00 OK

Check Details

Version: 0.1.0
Check: CRAN incoming feasibility
Result: NOTE Maintainer: ‘Dr. Fayed Alshammri <[email protected]>’ No Authors@R field in DESCRIPTION. Please add one, modifying Authors@R: c(person(given = "Fayed", family = "Alshammri", role = "aut"), person(given = c("Dr.", "Fayed"), family = "Alshammri", role = "cre", email = "[email protected]")) as necessary. Flavors: r-devel-linux-x86_64-debian-clang, r-devel-linux-x86_64-debian-gcc