CRAN Package Check Results for Package L2hdchange

Last updated on 2025-11-05 07:50:48 CET.

Flavor Version Tinstall Tcheck Ttotal Status Flags
r-devel-linux-x86_64-debian-clang 1.0 2.92 66.38 69.30 NOTE
r-devel-linux-x86_64-debian-gcc 1.0 1.98 45.97 47.95 NOTE
r-devel-linux-x86_64-fedora-clang 1.0 12.00 102.23 114.23 OK
r-devel-linux-x86_64-fedora-gcc 1.0 113.52 OK
r-devel-windows-x86_64 1.0 5.00 95.00 100.00 OK
r-patched-linux-x86_64 1.0 2.89 61.22 64.11 OK
r-release-linux-x86_64 1.0 2.53 61.36 63.89 OK
r-release-macos-arm64 1.0 1.00 35.00 36.00 OK
r-release-macos-x86_64 1.0 2.00 72.00 74.00 OK
r-release-windows-x86_64 1.0 3.00 87.00 90.00 OK
r-oldrel-macos-arm64 1.0 2.00 33.00 35.00 OK
r-oldrel-macos-x86_64 1.0 2.00 57.00 59.00 OK
r-oldrel-windows-x86_64 1.0 4.00 94.00 98.00 OK

Check Details

Version: 1.0
Check: CRAN incoming feasibility
Result: NOTE Maintainer: ‘Rui Lin <[email protected]>’ The Description field contains <arXiv:2208.13074>. Please refer to arXiv e-prints via their arXiv DOI <doi:10.48550/arXiv.YYMM.NNNNN>. Flavors: r-devel-linux-x86_64-debian-clang, r-devel-linux-x86_64-debian-gcc