CRAN Package Check Results for Package LFDR.MME

Last updated on 2025-11-05 07:50:48 CET.

Flavor Version Tinstall Tcheck Ttotal Status Flags
r-devel-linux-x86_64-debian-clang 1.0 1.40 19.65 21.05 NOTE
r-devel-linux-x86_64-debian-gcc 1.0 1.24 16.21 17.45 NOTE
r-devel-linux-x86_64-fedora-clang 1.0 31.95 OK
r-devel-linux-x86_64-fedora-gcc 1.0 29.00 OK
r-devel-windows-x86_64 1.0 4.00 40.00 44.00 OK
r-patched-linux-x86_64 1.0 1.43 18.52 19.95 OK
r-release-linux-x86_64 1.0 1.27 18.38 19.65 OK
r-release-macos-arm64 1.0 1.00 13.00 14.00 OK
r-release-macos-x86_64 1.0 1.00 21.00 22.00 OK
r-release-windows-x86_64 1.0 3.00 38.00 41.00 OK
r-oldrel-macos-arm64 1.0 1.00 14.00 15.00 OK
r-oldrel-macos-x86_64 1.0 1.00 19.00 20.00 OK
r-oldrel-windows-x86_64 1.0 2.00 42.00 44.00 OK

Check Details

Version: 1.0
Check: CRAN incoming feasibility
Result: NOTE Maintainer: ‘Ali Karimnezhad <[email protected]>’ No Authors@R field in DESCRIPTION. Please add one, modifying Authors@R: person(given = "Ali", family = "Karimnezhad", role = c("aut", "cre"), email = "[email protected]") as necessary. Flavors: r-devel-linux-x86_64-debian-clang, r-devel-linux-x86_64-debian-gcc