Last updated on 2025-11-05 07:50:48 CET.
| Flavor | Version | Tinstall | Tcheck | Ttotal | Status | Flags |
|---|---|---|---|---|---|---|
| r-devel-linux-x86_64-debian-clang | 0.1.1 | 4.13 | 36.14 | 40.27 | NOTE | |
| r-devel-linux-x86_64-debian-gcc | 0.1.1 | 3.35 | 25.69 | 29.04 | NOTE | |
| r-devel-linux-x86_64-fedora-clang | 0.1.1 | 26.00 | 41.88 | 67.88 | OK | |
| r-devel-linux-x86_64-fedora-gcc | 0.1.1 | 11.00 | 48.11 | 59.11 | OK | |
| r-devel-windows-x86_64 | 0.1.1 | 6.00 | 48.00 | 54.00 | OK | |
| r-patched-linux-x86_64 | 0.1.1 | 5.54 | 33.21 | 38.75 | OK | |
| r-release-linux-x86_64 | 0.1.1 | 4.25 | 33.20 | 37.45 | OK | |
| r-release-macos-arm64 | 0.1.1 | 2.00 | 18.00 | 20.00 | OK | |
| r-release-macos-x86_64 | 0.1.1 | 4.00 | 31.00 | 35.00 | OK | |
| r-release-windows-x86_64 | 0.1.1 | 6.00 | 47.00 | 53.00 | OK | |
| r-oldrel-macos-arm64 | 0.1.1 | 2.00 | 17.00 | 19.00 | OK | |
| r-oldrel-macos-x86_64 | 0.1.1 | 3.00 | 27.00 | 30.00 | OK | |
| r-oldrel-windows-x86_64 | 0.1.1 | 5.00 | 47.00 | 52.00 | OK |
Version: 0.1.1
Check: CRAN incoming feasibility
Result: NOTE
Maintainer: ‘Brian P. O'Connor <[email protected]>’
No Authors@R field in DESCRIPTION.
Please add one, modifying
Authors@R: c(person(given = c("Zakary", "A.", "Draper", "&", "Brian", "P."),
family = "O'Connor",
role = "aut"),
person(given = c("Brian", "P."),
family = "O'Connor",
role = "cre",
email = "[email protected]"))
as necessary.
Flavors: r-devel-linux-x86_64-debian-clang, r-devel-linux-x86_64-debian-gcc