CRAN Package Check Results for Package LimnoPalettes

Last updated on 2025-11-05 07:50:48 CET.

Flavor Version Tinstall Tcheck Ttotal Status Flags
r-devel-linux-x86_64-debian-clang 0.1.0 1.53 19.09 20.62 OK
r-devel-linux-x86_64-debian-gcc 0.1.0 1.35 15.67 17.02 OK
r-devel-linux-x86_64-fedora-clang 0.1.0 29.80 OK
r-devel-linux-x86_64-fedora-gcc 0.1.0 26.77 OK
r-devel-windows-x86_64 0.1.0 2.00 34.00 36.00 OK
r-patched-linux-x86_64 0.1.0 1.54 16.72 18.26 OK
r-release-linux-x86_64 0.1.0 1.46 16.80 18.26 OK
r-release-macos-arm64 0.1.0 1.00 11.00 12.00 OK
r-release-macos-x86_64 0.1.0 2.00 20.00 22.00 OK
r-release-windows-x86_64 0.1.0 3.00 33.00 36.00 OK
r-oldrel-macos-arm64 0.1.0 1.00 12.00 13.00 NOTE
r-oldrel-macos-x86_64 0.1.0 1.00 18.00 19.00 NOTE
r-oldrel-windows-x86_64 0.1.0 4.00 33.00 37.00 NOTE

Check Details

Version: 0.1.0
Check: LazyData
Result: NOTE 'LazyData' is specified without a 'data' directory Flavors: r-oldrel-macos-arm64, r-oldrel-macos-x86_64, r-oldrel-windows-x86_64