Last updated on 2025-11-05 07:50:49 CET.
| Flavor | Version | Tinstall | Tcheck | Ttotal | Status | Flags |
|---|---|---|---|---|---|---|
| r-devel-linux-x86_64-debian-clang | 1.0-3 | 2.54 | 26.21 | 28.75 | NOTE | |
| r-devel-linux-x86_64-debian-gcc | 1.0-3 | 2.14 | 20.88 | 23.02 | NOTE | |
| r-devel-linux-x86_64-fedora-clang | 1.0-3 | 12.00 | 34.05 | 46.05 | NOTE | |
| r-devel-linux-x86_64-fedora-gcc | 1.0-3 | 40.78 | NOTE | |||
| r-devel-windows-x86_64 | 1.0-3 | 3.00 | 46.00 | 49.00 | NOTE | |
| r-patched-linux-x86_64 | 1.0-3 | 3.00 | 24.71 | 27.71 | NOTE | |
| r-release-linux-x86_64 | 1.0-3 | 2.93 | 24.57 | 27.50 | NOTE | |
| r-release-macos-arm64 | 1.0-3 | 2.00 | 17.00 | 19.00 | NOTE | |
| r-release-macos-x86_64 | 1.0-3 | 2.00 | 26.00 | 28.00 | NOTE | |
| r-release-windows-x86_64 | 1.0-3 | 4.00 | 44.00 | 48.00 | NOTE | |
| r-oldrel-macos-arm64 | 1.0-3 | 1.00 | 16.00 | 17.00 | NOTE | |
| r-oldrel-macos-x86_64 | 1.0-3 | 4.00 | 34.00 | 38.00 | NOTE | |
| r-oldrel-windows-x86_64 | 1.0-3 | 4.00 | 45.00 | 49.00 | NOTE |
Version: 1.0-3
Check: CRAN incoming feasibility
Result: NOTE
Maintainer: ‘Michael P. Fay <[email protected]>’
No Authors@R field in DESCRIPTION.
Please add one, modifying
Authors@R: person(given = c("Michael", "P."),
family = "Fay",
role = c("aut", "cre"),
email = "[email protected]")
as necessary.
Package CITATION file contains call(s) to old-style personList() or
as.personList(). Please use c() on person objects instead.
Package CITATION file contains call(s) to old-style citEntry(). Please
use bibentry() instead.
Flavors: r-devel-linux-x86_64-debian-clang, r-devel-linux-x86_64-debian-gcc
Version: 1.0-3
Check: Rd files
Result: NOTE
checkRd: (-1) MCbound.precalc1.Rd:16: Lost braces in \itemize; meant \describe ?
checkRd: (-1) MCbound.precalc1.Rd:17: Lost braces in \itemize; meant \describe ?
checkRd: (-1) MCbound.precalc1.Rd:18: Lost braces in \itemize; meant \describe ?
checkRd: (-1) MCbound.precalc1.Rd:19: Lost braces in \itemize; meant \describe ?
checkRd: (-1) MCbound.precalc1.Rd:20: Lost braces in \itemize; meant \describe ?
checkRd: (-1) MCbound.precalc1.Rd:21: Lost braces in \itemize; meant \describe ?
checkRd: (-1) MCbound.precalc1.Rd:22: Lost braces in \itemize; meant \describe ?
checkRd: (-1) MCbound.precalc1.Rd:23: Lost braces in \itemize; meant \describe ?
checkRd: (-1) MCbound.precalc1.Rd:24: Lost braces in \itemize; meant \describe ?
checkRd: (-1) MCbound.precalc1.Rd:25: Lost braces in \itemize; meant \describe ?
checkRd: (-1) MCbound.precalc1.Rd:26: Lost braces in \itemize; meant \describe ?
checkRd: (-1) MCbound.precalc1.Rd:27: Lost braces in \itemize; meant \describe ?
checkRd: (-1) MCtest.Rd:39: Escaped LaTeX specials: \#
checkRd: (-1) MCtest.Rd:40: Escaped LaTeX specials: \#
Flavors: r-devel-linux-x86_64-debian-clang, r-devel-linux-x86_64-debian-gcc, r-devel-linux-x86_64-fedora-clang, r-devel-linux-x86_64-fedora-gcc, r-devel-windows-x86_64, r-patched-linux-x86_64, r-release-linux-x86_64, r-release-macos-arm64, r-release-macos-x86_64, r-release-windows-x86_64, r-oldrel-macos-arm64, r-oldrel-macos-x86_64, r-oldrel-windows-x86_64