CRAN Package Check Results for Package MED

Last updated on 2025-11-05 07:50:49 CET.

Flavor Version Tinstall Tcheck Ttotal Status Flags
r-devel-linux-x86_64-debian-clang 0.1.0 1.92 22.17 24.09 NOTE
r-devel-linux-x86_64-debian-gcc 0.1.0 1.59 17.81 19.40 NOTE
r-devel-linux-x86_64-fedora-clang 0.1.0 37.10 NOTE
r-devel-linux-x86_64-fedora-gcc 0.1.0 33.45 NOTE
r-devel-windows-x86_64 0.1.0 2.00 49.00 51.00 NOTE
r-patched-linux-x86_64 0.1.0 2.00 20.95 22.95 NOTE
r-release-linux-x86_64 0.1.0 1.99 21.35 23.34 NOTE
r-release-macos-arm64 0.1.0 1.00 14.00 15.00 NOTE
r-release-macos-x86_64 0.1.0 2.00 24.00 26.00 NOTE
r-release-windows-x86_64 0.1.0 3.00 41.00 44.00 NOTE
r-oldrel-macos-arm64 0.1.0 1.00 13.00 14.00 NOTE
r-oldrel-macos-x86_64 0.1.0 2.00 19.00 21.00 NOTE
r-oldrel-windows-x86_64 0.1.0 3.00 43.00 46.00 NOTE

Check Details

Version: 0.1.0
Check: CRAN incoming feasibility
Result: NOTE Maintainer: ‘Gary Chan <[email protected]>’ No Authors@R field in DESCRIPTION. Please add one, modifying Authors@R: person(given = "Gary", family = "Chan", role = c("aut", "cre"), email = "[email protected]") as necessary. The Description field contains effects by Chan, Imai, Yam and Zhang (2016) <arXiv:1601.03501>. Please refer to arXiv e-prints via their arXiv DOI <doi:10.48550/arXiv.YYMM.NNNNN>. Flavors: r-devel-linux-x86_64-debian-clang, r-devel-linux-x86_64-debian-gcc

Version: 0.1.0
Check: Rd files
Result: NOTE checkRd: (-1) MED.Rd:25: Lost braces 25 | The vector of treatment assignments of length \eqn{n}. Must be coded as \eqn{\{0,1} {{0,1}}. | ^ Flavors: r-devel-linux-x86_64-debian-clang, r-devel-linux-x86_64-debian-gcc, r-devel-linux-x86_64-fedora-clang, r-devel-linux-x86_64-fedora-gcc, r-devel-windows-x86_64, r-patched-linux-x86_64, r-release-linux-x86_64, r-release-macos-arm64, r-release-macos-x86_64, r-release-windows-x86_64, r-oldrel-macos-arm64, r-oldrel-macos-x86_64, r-oldrel-windows-x86_64