Last updated on 2025-11-05 07:50:49 CET.
| Flavor | Version | Tinstall | Tcheck | Ttotal | Status | Flags |
|---|---|---|---|---|---|---|
| r-devel-linux-x86_64-debian-clang | 2.0 | 4.99 | 46.83 | 51.82 | NOTE | |
| r-devel-linux-x86_64-debian-gcc | 2.0 | 3.55 | 31.58 | 35.13 | NOTE | |
| r-devel-linux-x86_64-fedora-clang | 2.0 | 22.00 | 67.79 | 89.79 | OK | |
| r-devel-linux-x86_64-fedora-gcc | 2.0 | 10.00 | 70.34 | 80.34 | OK | |
| r-devel-windows-x86_64 | 2.0 | 5.00 | 65.00 | 70.00 | OK | |
| r-patched-linux-x86_64 | 2.0 | 4.60 | 44.85 | 49.45 | OK | |
| r-release-linux-x86_64 | 2.0 | 4.68 | 45.03 | 49.71 | OK | |
| r-release-macos-arm64 | 2.0 | 2.00 | 24.00 | 26.00 | OK | |
| r-release-macos-x86_64 | 2.0 | 4.00 | 42.00 | 46.00 | OK | |
| r-release-windows-x86_64 | 2.0 | 6.00 | 61.00 | 67.00 | OK | |
| r-oldrel-macos-arm64 | 2.0 | 2.00 | 21.00 | 23.00 | OK | |
| r-oldrel-macos-x86_64 | 2.0 | 3.00 | 34.00 | 37.00 | OK | |
| r-oldrel-windows-x86_64 | 2.0 | 5.00 | 65.00 | 70.00 | OK |
Version: 2.0
Check: CRAN incoming feasibility
Result: NOTE
Maintainer: ‘Michael Messer <[email protected]>’
No Authors@R field in DESCRIPTION.
Please add one, modifying
Authors@R: c(person(given = "Michael",
family = "Messer",
role = c("aut", "cre"),
email = "[email protected]"),
person(given = "Stefan",
family = "Albert",
role = "aut"),
person(given = "Solveig",
family = "Plomer",
role = "aut"),
person(given = "Gaby",
family = "Schneider",
role = "aut"))
as necessary.
Flavors: r-devel-linux-x86_64-debian-clang, r-devel-linux-x86_64-debian-gcc