Last updated on 2025-11-05 07:50:49 CET.
| Flavor | Version | Tinstall | Tcheck | Ttotal | Status | Flags |
|---|---|---|---|---|---|---|
| r-devel-linux-x86_64-debian-clang | 1.1 | 2.36 | 17.51 | 19.87 | NOTE | |
| r-devel-linux-x86_64-debian-gcc | 1.1 | 1.91 | 14.83 | 16.74 | NOTE | |
| r-devel-linux-x86_64-fedora-clang | 1.1 | 30.69 | NOTE | |||
| r-devel-linux-x86_64-fedora-gcc | 1.1 | 28.13 | NOTE | |||
| r-devel-windows-x86_64 | 1.1 | 5.00 | 35.00 | 40.00 | OK | |
| r-patched-linux-x86_64 | 1.1 | 2.09 | 16.42 | 18.51 | OK | |
| r-release-linux-x86_64 | 1.1 | 2.22 | 16.60 | 18.82 | OK | |
| r-release-macos-arm64 | 1.1 | 5.00 | 15.00 | 20.00 | OK | |
| r-release-macos-x86_64 | 1.1 | 4.00 | 19.00 | 23.00 | OK | |
| r-release-windows-x86_64 | 1.1 | 5.00 | 33.00 | 38.00 | OK | |
| r-oldrel-macos-arm64 | 1.1 | 2.00 | 13.00 | 15.00 | OK | |
| r-oldrel-macos-x86_64 | 1.1 | 3.00 | 17.00 | 20.00 | OK | |
| r-oldrel-windows-x86_64 | 1.1 | 4.00 | 35.00 | 39.00 | OK |
Version: 1.1
Check: CRAN incoming feasibility
Result: NOTE
Maintainer: ‘Safiye Celik <[email protected]>’
No Authors@R field in DESCRIPTION.
Please add one, modifying
Authors@R: person(given = "Safiye",
family = "Celik",
role = c("aut", "cre"),
email = "[email protected]")
as necessary.
Package CITATION file contains call(s) to old-style personList() or
as.personList(). Please use c() on person objects instead.
Package CITATION file contains call(s) to old-style citEntry(). Please
use bibentry() instead.
Flavors: r-devel-linux-x86_64-debian-clang, r-devel-linux-x86_64-debian-gcc
Version: 1.1
Check: compiled code
Result: NOTE
File ‘MGL/libs/MGL.so’:
Found no calls to: ‘R_registerRoutines’, ‘R_useDynamicSymbols’
It is good practice to register native routines and to disable symbol
search.
See ‘Writing portable packages’ in the ‘Writing R Extensions’ manual.
Flavors: r-devel-linux-x86_64-fedora-clang, r-devel-linux-x86_64-fedora-gcc