Last updated on 2025-11-05 07:50:50 CET.
| Flavor | Version | Tinstall | Tcheck | Ttotal | Status | Flags |
|---|---|---|---|---|---|---|
| r-devel-linux-x86_64-debian-clang | 1.5-4 | 1.68 | 18.58 | 20.26 | NOTE | |
| r-devel-linux-x86_64-debian-gcc | 1.5-4 | 1.37 | 15.59 | 16.96 | NOTE | |
| r-devel-linux-x86_64-fedora-clang | 1.5-4 | 31.49 | OK | |||
| r-devel-linux-x86_64-fedora-gcc | 1.5-4 | 28.96 | OK | |||
| r-devel-windows-x86_64 | 1.5-4 | 3.00 | 33.00 | 36.00 | OK | |
| r-patched-linux-x86_64 | 1.5-4 | 1.50 | 17.50 | 19.00 | OK | |
| r-release-linux-x86_64 | 1.5-4 | 1.60 | 17.73 | 19.33 | OK | |
| r-release-macos-arm64 | 1.5-4 | 1.00 | 15.00 | 16.00 | OK | |
| r-release-macos-x86_64 | 1.5-4 | 2.00 | 27.00 | 29.00 | OK | |
| r-release-windows-x86_64 | 1.5-4 | 3.00 | 32.00 | 35.00 | OK | |
| r-oldrel-macos-arm64 | 1.5-4 | 1.00 | 13.00 | 14.00 | OK | |
| r-oldrel-macos-x86_64 | 1.5-4 | 1.00 | 18.00 | 19.00 | OK | |
| r-oldrel-windows-x86_64 | 1.5-4 | 3.00 | 35.00 | 38.00 | OK |
Version: 1.5-4
Check: CRAN incoming feasibility
Result: NOTE
Maintainer: ‘Yalin Wang <[email protected]>’
The Description field contains
(2022) <arXiv:2207.09633>. In this package, we provide the algorithms
Please refer to arXiv e-prints via their arXiv DOI <doi:10.48550/arXiv.YYMM.NNNNN>.
Flavors: r-devel-linux-x86_64-debian-clang, r-devel-linux-x86_64-debian-gcc